Last updated on 2025-10-21 23:51:15 CEST.
Flavor | Version | Tinstall | Tcheck | Ttotal | Status | Flags |
---|---|---|---|---|---|---|
r-devel-linux-x86_64-debian-clang | 0.0-6 | 25.35 | 185.93 | 211.28 | NOTE | |
r-devel-linux-x86_64-debian-gcc | 0.0-6 | 15.62 | 113.20 | 128.82 | NOTE | |
r-devel-linux-x86_64-fedora-clang | 0.0-6 | 59.00 | 289.96 | 348.96 | OK | |
r-devel-linux-x86_64-fedora-gcc | 0.0-6 | 49.00 | 267.91 | 316.91 | OK | |
r-devel-windows-x86_64 | 0.0-6 | 20.00 | 370.00 | 390.00 | OK | |
r-patched-linux-x86_64 | 0.0-6 | 20.02 | 176.91 | 196.93 | OK | |
r-release-linux-x86_64 | 0.0-6 | 20.45 | 177.06 | 197.51 | OK | |
r-release-macos-arm64 | 0.0-6 | 8.00 | 64.00 | 72.00 | OK | |
r-release-macos-x86_64 | 0.0-6 | 21.00 | 139.00 | 160.00 | OK | |
r-release-windows-x86_64 | 0.0-6 | 21.00 | 145.00 | 166.00 | OK | |
r-oldrel-macos-arm64 | 0.0-6 | 8.00 | 63.00 | 71.00 | OK | |
r-oldrel-macos-x86_64 | 0.0-6 | 16.00 | 99.00 | 115.00 | OK | |
r-oldrel-windows-x86_64 | 0.0-6 | 30.00 | 200.00 | 230.00 | OK |
Version: 0.0-6
Check: CRAN incoming feasibility
Result: NOTE
Maintainer: ‘Ali Santacruz <amsantac@unal.edu.co>’
No Authors@R field in DESCRIPTION.
Please add one, modifying
Authors@R: c(person(given = c("Robert", "G."),
family = "Pontius",
role = "aut",
email = "rpontius@clarku.edu"),
person(given = "Ali",
family = "Santacruz",
role = c("aut", "cre"),
email = "amsantac@unal.edu.co"),
person(given = "Amin",
family = "Tayyebi",
role = "aut"),
person(given = "Benoit",
family = "Parmentier",
role = "aut"),
person(given = "Kangping",
family = "Si",
role = "aut"))
as necessary.
Flavors: r-devel-linux-x86_64-debian-clang, r-devel-linux-x86_64-debian-gcc