CRAN Package Check Results for Package TFMPvalue

Last updated on 2025-11-20 14:51:29 CET.

Flavor Version Tinstall Tcheck Ttotal Status Flags
r-devel-linux-x86_64-debian-clang 0.0.9 12.26 23.59 35.85 NOTE
r-devel-linux-x86_64-debian-gcc 0.0.9 8.26 19.43 27.69 NOTE
r-devel-linux-x86_64-fedora-clang 0.0.9 39.00 27.26 66.26 NOTE
r-devel-linux-x86_64-fedora-gcc 0.0.9 25.00 29.13 54.13 NOTE
r-devel-windows-x86_64 0.0.9 18.00 63.00 81.00 NOTE
r-patched-linux-x86_64 0.0.9 11.34 22.66 34.00 NOTE
r-release-linux-x86_64 0.0.9 11.17 22.51 33.68 NOTE
r-release-macos-arm64 0.0.9 NOTE
r-release-macos-x86_64 0.0.9 10.00 23.00 33.00 NOTE
r-release-windows-x86_64 0.0.9 15.00 62.00 77.00 NOTE
r-oldrel-macos-arm64 0.0.9 NOTE
r-oldrel-macos-x86_64 0.0.9 8.00 21.00 29.00 NOTE
r-oldrel-windows-x86_64 0.0.9 19.00 71.00 90.00 NOTE

Check Details

Version: 0.0.9
Check: CRAN incoming feasibility
Result: NOTE Maintainer: ‘Ge Tan <ge_tan@live.com>’ No Authors@R field in DESCRIPTION. Please add one, modifying Authors@R: person(given = "Ge", family = "Tan", role = c("aut", "cre"), email = "ge_tan@live.com") as necessary. Flavors: r-devel-linux-x86_64-debian-clang, r-devel-linux-x86_64-debian-gcc

Version: 0.0.9
Check: C++ specification
Result: NOTE Specified C++11: please drop specification unless essential Flavors: r-devel-linux-x86_64-debian-clang, r-devel-linux-x86_64-debian-gcc, r-devel-linux-x86_64-fedora-clang, r-devel-linux-x86_64-fedora-gcc, r-devel-windows-x86_64, r-patched-linux-x86_64, r-release-linux-x86_64, r-release-macos-arm64, r-release-macos-x86_64, r-release-windows-x86_64, r-oldrel-macos-arm64, r-oldrel-macos-x86_64, r-oldrel-windows-x86_64