Last updated on 2025-11-21 14:49:58 CET.
| Flavor | Version | Tinstall | Tcheck | Ttotal | Status | Flags |
|---|---|---|---|---|---|---|
| r-devel-linux-x86_64-debian-clang | 1.2.7 | 30.54 | 325.92 | 356.46 | OK | |
| r-devel-linux-x86_64-debian-gcc | 1.2.7 | 23.14 | 219.41 | 242.55 | OK | |
| r-devel-linux-x86_64-fedora-clang | 1.2.7 | 162.00 | 421.31 | 583.31 | OK | |
| r-devel-windows-x86_64 | 1.2.7 | 42.00 | 289.00 | 331.00 | OK | |
| r-patched-linux-x86_64 | 1.2.7 | 29.15 | 320.70 | 349.85 | OK | |
| r-release-linux-x86_64 | 1.2.7 | 29.86 | 320.88 | 350.74 | OK | |
| r-release-macos-arm64 | 1.2.7 | OK | ||||
| r-release-macos-x86_64 | 1.2.7 | 23.00 | 251.00 | 274.00 | OK | |
| r-release-windows-x86_64 | 1.2.7 | 41.00 | 344.00 | 385.00 | OK | |
| r-oldrel-macos-arm64 | 1.2.7 | NOTE | ||||
| r-oldrel-macos-x86_64 | 1.2.7 | 17.00 | 148.00 | 165.00 | NOTE | |
| r-oldrel-windows-x86_64 | 1.2.7 | 52.00 | 482.00 | 534.00 | NOTE |
Version: 1.2.7
Check: installed package size
Result: NOTE
installed size is 13.5Mb
sub-directories of 1Mb or more:
doc 12.0Mb
Flavors: r-oldrel-macos-arm64, r-oldrel-macos-x86_64, r-oldrel-windows-x86_64