CRAN Package Check Results for Package Synth

Last updated on 2025-10-21 17:50:04 CEST.

Flavor Version Tinstall Tcheck Ttotal Status Flags
r-devel-linux-x86_64-debian-clang 1.1-9 5.05 43.81 48.86 OK
r-devel-linux-x86_64-debian-gcc 1.1-9 3.97 33.04 37.01 OK
r-devel-linux-x86_64-fedora-clang 1.1-9 18.00 58.48 76.48 OK
r-devel-linux-x86_64-fedora-gcc 1.1-9 12.00 57.84 69.84 OK
r-devel-windows-x86_64 1.1-8 6.00 57.00 63.00 NOTE
r-patched-linux-x86_64 1.1-8 5.25 41.87 47.12 NOTE
r-release-linux-x86_64 1.1-8 4.86 41.54 46.40 NOTE
r-release-macos-arm64 1.1-9 2.00 23.00 25.00 OK
r-release-macos-x86_64 1.1-9 4.00 50.00 54.00 OK
r-release-windows-x86_64 1.1-9 13.00 88.00 101.00 OK
r-oldrel-macos-arm64 1.1-9 2.00 27.00 29.00 OK
r-oldrel-macos-x86_64 1.1-9 4.00 53.00 57.00 OK
r-oldrel-windows-x86_64 1.1-9 9.00 73.00 82.00 OK

Check Details

Version: 1.1-8
Check: Rd cross-references
Result: NOTE Found the following Rd file(s) with Rd \link{} targets missing package anchors: fn.V.Rd: ipop synth.Rd: ipop, optimx Please provide package anchors for all Rd \link{} targets not in the package itself and the base packages. Flavors: r-devel-windows-x86_64, r-patched-linux-x86_64, r-release-linux-x86_64