Last updated on 2025-10-22 23:50:14 CEST.
Flavor | Version | Tinstall | Tcheck | Ttotal | Status | Flags |
---|---|---|---|---|---|---|
r-devel-linux-x86_64-debian-clang | 1.0.6 | 49.73 | 39.15 | 88.88 | NOTE | |
r-devel-linux-x86_64-debian-gcc | 1.0.6 | 34.66 | 30.26 | 64.92 | OK | |
r-devel-linux-x86_64-fedora-clang | 1.0.6 | 294.00 | -142.04 | 151.96 | OK | |
r-devel-linux-x86_64-fedora-gcc | 1.0.6 | 111.00 | 37.88 | 148.88 | OK | |
r-devel-windows-x86_64 | 1.0.6 | 52.00 | 75.00 | 127.00 | OK | |
r-patched-linux-x86_64 | 1.0.6 | 52.88 | 35.51 | 88.39 | OK | |
r-release-linux-x86_64 | 1.0.6 | 51.58 | 35.77 | 87.35 | OK | |
r-release-macos-arm64 | 1.0.6 | 19.00 | 23.00 | 42.00 | OK | |
r-release-macos-x86_64 | 1.0.6 | 39.00 | 42.00 | 81.00 | OK | |
r-release-windows-x86_64 | 1.0.6 | 55.00 | 79.00 | 134.00 | OK | |
r-oldrel-macos-arm64 | 1.0.6 | 21.00 | 27.00 | 48.00 | NOTE | |
r-oldrel-macos-x86_64 | 1.0.6 | 40.00 | 45.00 | 85.00 | NOTE | |
r-oldrel-windows-x86_64 | 1.0.6 | 63.00 | 93.00 | 156.00 | OK |
Version: 1.0.6
Check: HTML version of manual
Result: NOTE
Found the following HTML validation problems:
Image_Segmentation.html:84:1 (Image_Segmentation.Rd:118): Warning: <h3> anchor "Methods" already defined
Image_Segmentation.html:132:1 (Image_Segmentation.Rd:141): Warning: <h5> anchor "Usage" already defined
Image_Segmentation.html:233:1 (Image_Segmentation.Rd:231): Warning: <h5> anchor "Usage" already defined
Image_Segmentation.html:244:1 (Image_Segmentation.Rd:240): Warning: <h5> anchor "Arguments" already defined
Image_Segmentation.html:271:1 (Image_Segmentation.Rd:258): Warning: <h5> anchor "Usage" already defined
Image_Segmentation.html:281:1 (Image_Segmentation.Rd:266): Warning: <h5> anchor "Arguments" already defined
Image_Segmentation.html:308:1 (Image_Segmentation.Rd:283): Warning: <h5> anchor "Usage" already defined
Image_Segmentation.html:314:1 (Image_Segmentation.Rd:287): Warning: <h5> anchor "Arguments" already defined
Flavor: r-devel-linux-x86_64-debian-clang
Version: 1.0.6
Check: installed package size
Result: NOTE
installed size is 5.9Mb
sub-directories of 1Mb or more:
libs 5.6Mb
Flavors: r-oldrel-macos-arm64, r-oldrel-macos-x86_64