Last updated on 2025-10-24 18:50:09 CEST.
| Flavor | Version | Tinstall | Tcheck | Ttotal | Status | Flags |
|---|---|---|---|---|---|---|
| r-devel-linux-x86_64-debian-clang | 1.0 | 1.66 | 21.94 | 23.60 | NOTE | |
| r-devel-linux-x86_64-debian-gcc | 1.0 | 1.54 | 18.19 | 19.73 | NOTE | |
| r-devel-linux-x86_64-fedora-clang | 1.0 | 35.20 | OK | |||
| r-devel-linux-x86_64-fedora-gcc | 1.0 | 33.50 | OK | |||
| r-devel-windows-x86_64 | 1.0 | 4.00 | 44.00 | 48.00 | OK | |
| r-patched-linux-x86_64 | 1.0 | 1.59 | 20.83 | 22.42 | OK | |
| r-release-linux-x86_64 | 1.0 | 1.77 | 21.05 | 22.82 | OK | |
| r-release-macos-arm64 | 1.0 | 1.00 | 16.00 | 17.00 | OK | |
| r-release-macos-x86_64 | 1.0 | 2.00 | 23.00 | 25.00 | OK | |
| r-release-windows-x86_64 | 1.0 | 2.00 | 47.00 | 49.00 | OK | |
| r-oldrel-macos-arm64 | 1.0 | 1.00 | 15.00 | 16.00 | OK | |
| r-oldrel-macos-x86_64 | 1.0 | 1.00 | 21.00 | 22.00 | OK | |
| r-oldrel-windows-x86_64 | 1.0 | 2.00 | 49.00 | 51.00 | OK |
Version: 1.0
Check: CRAN incoming feasibility
Result: NOTE
Maintainer: ‘Yifu Liu <2012johnnyliu@gmail.com>’
No Authors@R field in DESCRIPTION.
Please add one, modifying
Authors@R: c(person(given = "Yifu",
family = "Liu",
role = c("aut", "cre"),
email = "2012johnnyliu@gmail.com"),
person(given = "Anru",
family = "Zhang",
role = "aut"))
as necessary.
Flavors: r-devel-linux-x86_64-debian-clang, r-devel-linux-x86_64-debian-gcc