Last updated on 2025-11-04 09:50:13 CET.
| Flavor | Version | Tinstall | Tcheck | Ttotal | Status | Flags | 
|---|---|---|---|---|---|---|
| r-devel-linux-x86_64-debian-clang | 0.3.0 | 2.48 | 27.22 | 29.70 | NOTE | |
| r-devel-linux-x86_64-debian-gcc | 0.3.0 | 2.36 | 21.38 | 23.74 | NOTE | |
| r-devel-linux-x86_64-fedora-clang | 0.3.0 | 46.68 | NOTE | |||
| r-devel-linux-x86_64-fedora-gcc | 0.3.0 | 43.37 | NOTE | |||
| r-devel-windows-x86_64 | 0.3.0 | 4.00 | 43.00 | 47.00 | OK | |
| r-patched-linux-x86_64 | 0.3.0 | 3.34 | 25.76 | 29.10 | OK | |
| r-release-linux-x86_64 | 0.3.0 | 3.29 | 26.01 | 29.30 | OK | |
| r-release-macos-arm64 | 0.3.0 | 2.00 | 18.00 | 20.00 | OK | |
| r-release-macos-x86_64 | 0.3.0 | 3.00 | 31.00 | 34.00 | OK | |
| r-release-windows-x86_64 | 0.3.0 | 4.00 | 42.00 | 46.00 | OK | |
| r-oldrel-macos-arm64 | 0.3.0 | 2.00 | 16.00 | 18.00 | OK | |
| r-oldrel-macos-x86_64 | 0.3.0 | 4.00 | 26.00 | 30.00 | OK | |
| r-oldrel-windows-x86_64 | 0.3.0 | 6.00 | 50.00 | 56.00 | OK | 
Version: 0.3.0
Check: CRAN incoming feasibility
Result: NOTE
  Maintainer: ‘Amr ElRafey <aelrafey@gmu.edu>’
  
  No Authors@R field in DESCRIPTION.
  Please add one, modifying
    Authors@R: c(person(given = "Farrokh",
                        family = "Alemi",
                        role = "aut",
                        email = "falemi@gmu.edu"),
                 person(given = "Amr",
                        family = "ElRafey",
                        role = c("aut", "cre"),
                        email = "aelrafey@gmu.edu"))
  as necessary.
Flavors: r-devel-linux-x86_64-debian-clang, r-devel-linux-x86_64-debian-gcc
Version: 0.3.0
Check: dependencies in R code
Result: NOTE
  Namespace in Imports field not imported from: ‘bnlearn’
    All declared Imports should be used.
Flavors: r-devel-linux-x86_64-fedora-clang, r-devel-linux-x86_64-fedora-gcc