CRAN Package Check Results for Package StormR

Last updated on 2025-10-21 17:50:03 CEST.

Flavor Version Tinstall Tcheck Ttotal Status Flags
r-devel-linux-x86_64-debian-clang 0.2.1 6.37 425.27 431.64 NOTE
r-devel-linux-x86_64-debian-gcc 0.2.1 3.68 286.70 290.38 NOTE
r-devel-linux-x86_64-fedora-clang 0.2.1 15.00 688.19 703.19 NOTE
r-devel-linux-x86_64-fedora-gcc 0.2.1 14.00 676.58 690.58 NOTE
r-devel-windows-x86_64 0.2.1 8.00 685.00 693.00 NOTE
r-patched-linux-x86_64 0.2.1 5.30 409.66 414.96 NOTE
r-release-linux-x86_64 0.2.1 5.72 411.36 417.08 NOTE
r-release-macos-arm64 0.2.1 2.00 199.00 201.00 NOTE
r-release-macos-x86_64 0.2.1 5.00 384.00 389.00 NOTE
r-release-windows-x86_64 0.2.1 14.00 435.00 449.00 NOTE
r-oldrel-macos-arm64 0.2.1 3.00 178.00 181.00 OK
r-oldrel-macos-x86_64 0.2.1 9.00 542.00 551.00 OK
r-oldrel-windows-x86_64 0.2.1 11.00 883.00 894.00 OK

Check Details

Version: 0.2.1
Check: CRAN incoming feasibility
Result: NOTE Maintainer: ‘Thomas Arsouze <thomas.arsouze@cirad.fr>’ The BugReports field in DESCRIPTION has https://github.com/umr-amap/StormR/issues/new/choose which should likely be https://github.com/umr-amap/StormR/issues/new/choose/issues instead. Flavors: r-devel-linux-x86_64-debian-clang, r-devel-linux-x86_64-debian-gcc

Version: 0.2.1
Check: DESCRIPTION meta-information
Result: NOTE Missing dependency on R >= 4.1.0 because package code uses the pipe |> or function shorthand \(...) syntax added in R 4.1.0. File(s) using such syntax: ‘defStormsList.R’ Flavors: r-devel-linux-x86_64-debian-clang, r-devel-linux-x86_64-debian-gcc, r-devel-linux-x86_64-fedora-clang, r-devel-linux-x86_64-fedora-gcc, r-devel-windows-x86_64, r-patched-linux-x86_64, r-release-linux-x86_64, r-release-macos-arm64, r-release-macos-x86_64, r-release-windows-x86_64

Version: 0.2.1
Check: HTML version of manual
Result: NOTE Found the following HTML validation problems: eezNC.html:47:1 (eezNC.Rd:11): Warning: missing </ul> before </div> Flavors: r-devel-linux-x86_64-debian-clang, r-devel-linux-x86_64-debian-gcc