Last updated on 2025-11-20 20:50:05 CET.
| Flavor | Version | Tinstall | Tcheck | Ttotal | Status | Flags |
|---|---|---|---|---|---|---|
| r-devel-linux-x86_64-debian-clang | 1.0 | 4.01 | 38.00 | 42.01 | OK | |
| r-devel-linux-x86_64-debian-gcc | 1.0 | 2.79 | 29.18 | 31.97 | OK | |
| r-devel-linux-x86_64-fedora-clang | 1.0 | 66.02 | OK | |||
| r-devel-linux-x86_64-fedora-gcc | 1.0 | 61.94 | OK | |||
| r-devel-windows-x86_64 | 1.0 | 8.00 | 50.00 | 58.00 | OK | |
| r-patched-linux-x86_64 | 1.0 | 4.44 | 36.29 | 40.73 | OK | |
| r-release-linux-x86_64 | 1.0 | 4.53 | 36.43 | 40.96 | OK | |
| r-release-macos-arm64 | 1.0 | OK | ||||
| r-release-macos-x86_64 | 1.0 | 5.00 | 38.00 | 43.00 | OK | |
| r-release-windows-x86_64 | 1.0 | 5.00 | 50.00 | 55.00 | OK | |
| r-oldrel-macos-arm64 | 1.0 | NOTE | ||||
| r-oldrel-macos-x86_64 | 1.0 | 3.00 | 28.00 | 31.00 | NOTE | |
| r-oldrel-windows-x86_64 | 1.0 | 7.00 | 60.00 | 67.00 | NOTE |
Version: 1.0
Check: LazyData
Result: NOTE
'LazyData' is specified without a 'data' directory
Flavors: r-oldrel-macos-arm64, r-oldrel-macos-x86_64, r-oldrel-windows-x86_64