Last updated on 2025-11-21 14:49:57 CET.
| Flavor | Version | Tinstall | Tcheck | Ttotal | Status | Flags |
|---|---|---|---|---|---|---|
| r-devel-linux-x86_64-debian-clang | 1.3.5 | 60.49 | 29.60 | 90.09 | NOTE | |
| r-devel-linux-x86_64-debian-gcc | 1.3.5 | 38.66 | 24.20 | 62.86 | NOTE | |
| r-devel-linux-x86_64-fedora-clang | 1.3.5 | 98.00 | 80.08 | 178.08 | OK | |
| r-devel-windows-x86_64 | 1.3.5 | 81.00 | 67.00 | 148.00 | OK | |
| r-patched-linux-x86_64 | 1.3.5 | 63.16 | 27.10 | 90.26 | OK | |
| r-release-linux-x86_64 | 1.3.5 | 59.65 | 27.14 | 86.79 | OK | |
| r-release-macos-arm64 | 1.3.5 | OK | ||||
| r-release-macos-x86_64 | 1.3.5 | 22.00 | 29.00 | 51.00 | OK | |
| r-release-windows-x86_64 | 1.3.5 | 73.00 | 67.00 | 140.00 | OK | |
| r-oldrel-macos-arm64 | 1.3.5 | OK | ||||
| r-oldrel-macos-x86_64 | 1.3.5 | 21.00 | 23.00 | 44.00 | OK | |
| r-oldrel-windows-x86_64 | 1.3.5 | 87.00 | 79.00 | 166.00 | OK |
Version: 1.3.5
Check: CRAN incoming feasibility
Result: NOTE
Maintainer: ‘Francesco Pantalone <pantalone.fra@gmail.com>’
The Description field contains
<arXiv:1710.09116>. The implementation has been done in C++ through the
Please refer to arXiv e-prints via their arXiv DOI <doi:10.48550/arXiv.YYMM.NNNNN>.
Flavors: r-devel-linux-x86_64-debian-clang, r-devel-linux-x86_64-debian-gcc