Last updated on 2025-11-25 10:50:26 CET.
| Flavor | Version | Tinstall | Tcheck | Ttotal | Status | Flags |
|---|---|---|---|---|---|---|
| r-devel-linux-x86_64-debian-clang | 0.8.2 | 36.04 | 284.80 | 320.84 | OK | |
| r-devel-linux-x86_64-debian-gcc | 0.8.2 | 24.24 | 184.14 | 208.38 | ERROR | |
| r-devel-linux-x86_64-fedora-clang | 0.8.2 | 96.00 | 428.68 | 524.68 | ERROR | |
| r-devel-linux-x86_64-fedora-gcc | 0.8.2 | 92.00 | 404.44 | 496.44 | ERROR | |
| r-devel-windows-x86_64 | 0.8.2 | 40.00 | 232.00 | 272.00 | OK | |
| r-patched-linux-x86_64 | 0.8.2 | 33.27 | 275.85 | 309.12 | OK | |
| r-release-linux-x86_64 | 0.8.2 | 32.24 | 273.71 | 305.95 | OK | |
| r-release-macos-arm64 | 0.8.2 | OK | ||||
| r-release-macos-x86_64 | 0.8.2 | 33.00 | 228.00 | 261.00 | OK | |
| r-release-windows-x86_64 | 0.8.2 | 34.00 | 296.00 | 330.00 | OK | |
| r-oldrel-macos-arm64 | 0.8.2 | OK | ||||
| r-oldrel-macos-x86_64 | 0.8.2 | 26.00 | 184.00 | 210.00 | OK | |
| r-oldrel-windows-x86_64 | 0.8.2 | 48.00 | 338.00 | 386.00 | OK |
Version: 0.8.2
Check: re-building of vignette outputs
Result: ERROR
Error(s) in re-building vignettes:
...
--- re-building ‘SpatialKDE.Rmd’ using rmarkdown
Quitting from SpatialKDE.Rmd:25-31 [unnamed-chunk-1]
~~~~~~~~~~~~~~~~~~~~~~~~~~~~~~~~~~~~~~~~~~~~~~~~~~~~~~~~~~~~~~~~~~~~~~~~~~~~~~~~
<error/rlang_error>
Error in `library()`:
! there is no package called 'tmap'
---
Backtrace:
▆
1. └─base::library(tmap)
~~~~~~~~~~~~~~~~~~~~~~~~~~~~~~~~~~~~~~~~~~~~~~~~~~~~~~~~~~~~~~~~~~~~~~~~~~~~~~~~
Error: processing vignette 'SpatialKDE.Rmd' failed with diagnostics:
there is no package called 'tmap'
--- failed re-building ‘SpatialKDE.Rmd’
SUMMARY: processing the following file failed:
‘SpatialKDE.Rmd’
Error: Vignette re-building failed.
Execution halted
Flavor: r-devel-linux-x86_64-debian-gcc
Version: 0.8.2
Check: re-building of vignette outputs
Result: ERROR
Error(s) in re-building vignettes:
--- re-building ‘SpatialKDE.Rmd’ using rmarkdown
Quitting from SpatialKDE.Rmd:25-31 [unnamed-chunk-1]
~~~~~~~~~~~~~~~~~~~~~~~~~~~~~~~~~~~~~~~~~~~~~~~~~~~~~~~~~~~~~~~~~~~~~~~~~~~~~~~~
<error/rlang_error>
Error in `library()`:
! there is no package called 'tmap'
---
Backtrace:
▆
1. └─base::library(tmap)
~~~~~~~~~~~~~~~~~~~~~~~~~~~~~~~~~~~~~~~~~~~~~~~~~~~~~~~~~~~~~~~~~~~~~~~~~~~~~~~~
Error: processing vignette 'SpatialKDE.Rmd' failed with diagnostics:
there is no package called 'tmap'
--- failed re-building ‘SpatialKDE.Rmd’
SUMMARY: processing the following file failed:
‘SpatialKDE.Rmd’
Error: Vignette re-building failed.
Execution halted
Flavors: r-devel-linux-x86_64-fedora-clang, r-devel-linux-x86_64-fedora-gcc