Last updated on 2025-10-25 18:50:26 CEST.
| Flavor | Version | Tinstall | Tcheck | Ttotal | Status | Flags |
|---|---|---|---|---|---|---|
| r-devel-linux-x86_64-debian-clang | 1.0 | 75.08 | 59.35 | 134.43 | NOTE | |
| r-devel-linux-x86_64-debian-gcc | 1.0 | 38.52 | 44.48 | 83.00 | NOTE | |
| r-devel-linux-x86_64-fedora-clang | 1.0 | 305.00 | -50.58 | 254.42 | OK | |
| r-devel-linux-x86_64-fedora-gcc | 1.0 | 124.00 | 79.31 | 203.31 | OK | |
| r-devel-windows-x86_64 | 1.0 | 81.00 | 84.00 | 165.00 | OK | |
| r-patched-linux-x86_64 | 1.0 | 62.46 | 57.03 | 119.49 | OK | |
| r-release-linux-x86_64 | 1.0 | 63.50 | 57.21 | 120.71 | OK | |
| r-release-macos-arm64 | 1.0 | 23.00 | 32.00 | 55.00 | OK | |
| r-release-macos-x86_64 | 1.0 | 23.00 | 61.00 | 84.00 | OK | |
| r-release-windows-x86_64 | 1.0 | 82.00 | 90.00 | 172.00 | OK | |
| r-oldrel-macos-arm64 | 1.0 | 25.00 | 28.00 | 53.00 | OK | |
| r-oldrel-macos-x86_64 | 1.0 | 22.00 | 41.00 | 63.00 | OK | |
| r-oldrel-windows-x86_64 | 1.0 | 98.00 | 111.00 | 209.00 | OK |
Version: 1.0
Check: CRAN incoming feasibility
Result: NOTE
Maintainer: ‘Riccardo Rastelli <riccardoras@gmail.com>’
The Description field contains
<arXiv:1808.09262>.
Please refer to arXiv e-prints via their arXiv DOI <doi:10.48550/arXiv.YYMM.NNNNN>.
Flavors: r-devel-linux-x86_64-debian-clang, r-devel-linux-x86_64-debian-gcc