Last updated on 2025-07-25 00:49:37 CEST.
Flavor | Version | Tinstall | Tcheck | Ttotal | Status | Flags |
---|---|---|---|---|---|---|
r-devel-linux-x86_64-debian-clang | 1.0.0 | 27.62 | 72.49 | 100.11 | NOTE | |
r-devel-linux-x86_64-debian-gcc | 1.0.0 | 21.14 | 50.33 | 71.47 | NOTE | |
r-devel-linux-x86_64-fedora-clang | 1.0.0 | 160.55 | NOTE | |||
r-devel-linux-x86_64-fedora-gcc | 1.0.0 | 154.07 | NOTE | |||
r-devel-windows-x86_64 | 1.0.0 | 33.00 | 88.00 | 121.00 | NOTE | |
r-patched-linux-x86_64 | 1.0.0 | 27.38 | 66.28 | 93.66 | NOTE | |
r-release-linux-x86_64 | 1.0.0 | 26.25 | 67.52 | 93.77 | NOTE | |
r-release-macos-arm64 | 1.0.0 | 55.00 | NOTE | |||
r-release-macos-x86_64 | 1.0.0 | 96.00 | NOTE | |||
r-release-windows-x86_64 | 1.0.0 | 38.00 | 90.00 | 128.00 | NOTE | |
r-oldrel-macos-arm64 | 1.0.0 | 57.00 | NOTE | |||
r-oldrel-macos-x86_64 | 1.0.0 | 75.00 | NOTE | |||
r-oldrel-windows-x86_64 | 1.0.0 | 46.00 | 109.00 | 155.00 | NOTE |
Version: 1.0.0
Check: DESCRIPTION meta-information
Result: NOTE
Missing dependency on R >= 4.1.0 because package code uses the pipe
|> or function shorthand \(...) syntax added in R 4.1.0.
File(s) using such syntax:
‘SouthPark_Script_Data.Rd’ ‘app_server.R’
Flavors: r-devel-linux-x86_64-debian-clang, r-devel-linux-x86_64-debian-gcc, r-devel-linux-x86_64-fedora-clang, r-devel-linux-x86_64-fedora-gcc, r-devel-windows-x86_64, r-patched-linux-x86_64, r-release-linux-x86_64, r-release-macos-arm64, r-release-windows-x86_64
Version: 1.0.0
Check: DESCRIPTION meta-information
Result: NOTE
Missing dependency on R >= 4.1.0 because package code uses the pipe
|> or function shorthand \(...) syntax added in R 4.1.0.
File(s) using such syntax:
‘app_server.R’
Flavor: r-release-macos-x86_64
Version: 1.0.0
Check: package dependencies
Result: NOTE
Package suggested but not available for checking: ‘gridlayout’
Flavors: r-oldrel-macos-arm64, r-oldrel-macos-x86_64, r-oldrel-windows-x86_64
Version: 1.0.0
Check: installed package size
Result: NOTE
installed size is 5.4Mb
sub-directories of 1Mb or more:
data 4.8Mb
Flavors: r-oldrel-macos-arm64, r-oldrel-macos-x86_64