Last updated on 2024-06-10 10:58:54 CEST.
Flavor | Version | Tinstall | Tcheck | Ttotal | Status | Flags |
---|---|---|---|---|---|---|
r-devel-linux-x86_64-debian-clang | 1.0.3 | 12.17 | 106.47 | 118.64 | NOTE | |
r-devel-linux-x86_64-debian-gcc | 1.0.3 | 8.24 | 78.13 | 86.37 | NOTE | |
r-devel-linux-x86_64-fedora-clang | 1.0.3 | 144.58 | NOTE | |||
r-devel-linux-x86_64-fedora-gcc | 1.0.3 | 148.99 | NOTE | |||
r-devel-windows-x86_64 | 1.0.3 | 10.00 | 93.00 | 103.00 | NOTE | |
r-patched-linux-x86_64 | 1.0.3 | 12.79 | 101.61 | 114.40 | NOTE | |
r-release-linux-x86_64 | 1.0.3 | 10.13 | 100.41 | 110.54 | NOTE | |
r-release-macos-arm64 | 1.0.3 | 45.00 | NOTE | |||
r-release-macos-x86_64 | 1.0.3 | 74.00 | NOTE | |||
r-release-windows-x86_64 | 1.0.3 | 10.00 | 93.00 | 103.00 | NOTE | |
r-oldrel-macos-arm64 | 1.0.3 | 50.00 | OK | |||
r-oldrel-macos-x86_64 | 1.0.3 | 83.00 | OK | |||
r-oldrel-windows-x86_64 | 1.0.3 | 12.00 | 111.00 | 123.00 | OK |
Version: 1.0.3
Check: Rd files
Result: NOTE
checkRd: (-1) aggrtab.Rd:14: Lost braces
14 | \item{d}{A list d{[[j]]} whose elements are vectors of variable names from A defining marginal tables/cubes
| ^
checkRd: (-1) aggrtab.Rd:24: Lost braces; missing escapes or markup?
24 | D = {D[[j]]} of marginal tables/cubes of A spesified by the list d = d{[[j]]} generated
| ^
checkRd: (-1) aggrtab.Rd:24: Lost braces
24 | D = {D[[j]]} of marginal tables/cubes of A spesified by the list d = d{[[j]]} generated
| ^
checkRd: (-1) makeroundtabs.Rd:31: Lost braces
31 | \item{d}{A list d{[[j]]} whose elements are vectors of variable names from A defining marginal tables/cubes D
| ^
checkRd: (-1) redcube.Rd:15: Lost braces
15 | \item{d}{A list d{[[j]]} whose elements are vectors of variable names from A defining marginal tables/cubes D
| ^
Flavors: r-devel-linux-x86_64-debian-clang, r-devel-linux-x86_64-debian-gcc, r-devel-linux-x86_64-fedora-clang, r-devel-linux-x86_64-fedora-gcc, r-devel-windows-x86_64, r-patched-linux-x86_64, r-release-linux-x86_64, r-release-macos-arm64, r-release-macos-x86_64, r-release-windows-x86_64