Last updated on 2025-07-19 14:48:39 CEST.
Flavor | Version | Tinstall | Tcheck | Ttotal | Status | Flags |
---|---|---|---|---|---|---|
r-devel-linux-x86_64-debian-clang | 0.7.3 | 5.69 | 76.13 | 81.82 | NOTE | |
r-devel-linux-x86_64-debian-gcc | 0.7.3 | 3.81 | 54.86 | 58.67 | NOTE | |
r-devel-linux-x86_64-fedora-clang | 0.7.3 | 127.79 | NOTE | |||
r-devel-linux-x86_64-fedora-gcc | 0.7.3 | 133.23 | NOTE | |||
r-devel-windows-x86_64 | 0.7.3 | 8.00 | 96.00 | 104.00 | NOTE | |
r-patched-linux-x86_64 | 0.7.3 | 6.90 | 72.24 | 79.14 | NOTE | |
r-release-linux-x86_64 | 0.7.3 | 5.26 | 71.48 | 76.74 | NOTE | |
r-release-macos-arm64 | 0.7.3 | 53.00 | NOTE | |||
r-release-macos-x86_64 | 0.7.3 | 100.00 | NOTE | |||
r-release-windows-x86_64 | 0.7.3 | 7.00 | 94.00 | 101.00 | NOTE | |
r-oldrel-macos-arm64 | 0.7.3 | 49.00 | OK | |||
r-oldrel-macos-x86_64 | 0.7.3 | 106.00 | OK | |||
r-oldrel-windows-x86_64 | 0.7.3 | 10.00 | 118.00 | 128.00 | OK |
Version: 0.7.3
Check: DESCRIPTION meta-information
Result: NOTE
Missing dependency on R >= 4.1.0 because package code uses the pipe
|> or function shorthand \(...) syntax added in R 4.1.0.
File(s) using such syntax:
‘calculate-effect-sizes.R’
Flavors: r-devel-linux-x86_64-debian-clang, r-devel-linux-x86_64-debian-gcc, r-devel-linux-x86_64-fedora-clang, r-devel-linux-x86_64-fedora-gcc, r-devel-windows-x86_64, r-patched-linux-x86_64, r-release-linux-x86_64, r-release-macos-arm64, r-release-macos-x86_64, r-release-windows-x86_64