CRAN Package Check Results for Package SimDesign

Last updated on 2025-10-22 05:51:27 CEST.

Flavor Version Tinstall Tcheck Ttotal Status Flags
r-devel-linux-x86_64-debian-clang 2.21 13.88 139.99 153.87 NOTE
r-devel-linux-x86_64-debian-gcc 2.21 9.57 94.10 103.67 NOTE
r-devel-linux-x86_64-fedora-clang 2.21 81.00 157.06 238.06 OK
r-devel-linux-x86_64-fedora-gcc 2.21 30.00 210.72 240.72 OK
r-devel-windows-x86_64 2.21 18.00 159.00 177.00 OK
r-patched-linux-x86_64 2.21 14.39 127.05 141.44 OK
r-release-linux-x86_64 2.21 12.97 126.89 139.86 OK
r-release-macos-arm64 2.21 6.00 67.00 73.00 OK
r-release-macos-x86_64 2.21 20.00 127.00 147.00 OK
r-release-windows-x86_64 2.21 17.00 158.00 175.00 OK
r-oldrel-macos-arm64 2.21 6.00 74.00 80.00 NOTE
r-oldrel-macos-x86_64 2.21 13.00 144.00 157.00 NOTE
r-oldrel-windows-x86_64 2.21 22.00 201.00 223.00 NOTE

Check Details

Version: 2.21
Check: HTML version of manual
Result: NOTE Found the following HTML validation problems: notify.html:55:1 (notify.Rd:14): Warning: missing </ul> before </div> Flavors: r-devel-linux-x86_64-debian-clang, r-devel-linux-x86_64-debian-gcc

Version: 2.21
Check: installed package size
Result: NOTE installed size is 7.3Mb sub-directories of 1Mb or more: doc 6.5Mb Flavors: r-oldrel-macos-arm64, r-oldrel-macos-x86_64, r-oldrel-windows-x86_64