CRAN Package Check Results for Package ShinyTester

Last updated on 2025-10-24 11:50:58 CEST.

Flavor Version Tinstall Tcheck Ttotal Status Flags
r-devel-linux-x86_64-debian-clang 0.1.0 5.00 40.52 45.52 NOTE
r-devel-linux-x86_64-debian-gcc 0.1.0 3.89 28.98 32.87 NOTE
r-devel-linux-x86_64-fedora-clang 0.1.0 13.00 55.12 68.12 OK
r-devel-linux-x86_64-fedora-gcc 0.1.0 11.00 54.24 65.24 OK
r-devel-windows-x86_64 0.1.0 7.00 58.00 65.00 OK
r-patched-linux-x86_64 0.1.0 4.88 36.41 41.29 OK
r-release-linux-x86_64 0.1.0 4.86 37.12 41.98 OK
r-release-macos-arm64 0.1.0 2.00 23.00 25.00 OK
r-release-macos-x86_64 0.1.0 4.00 33.00 37.00 OK
r-release-windows-x86_64 0.1.0 9.00 55.00 64.00 OK
r-oldrel-macos-arm64 0.1.0 2.00 21.00 23.00 NOTE
r-oldrel-macos-x86_64 0.1.0 4.00 29.00 33.00 NOTE
r-oldrel-windows-x86_64 0.1.0 10.00 63.00 73.00 NOTE

Check Details

Version: 0.1.0
Check: CRAN incoming feasibility
Result: NOTE Maintainer: ‘Amit Kohli <amit@amitkohli.com>’ No Authors@R field in DESCRIPTION. Please add one, modifying Authors@R: person(given = "Amit", family = "Kohli", role = c("aut", "cre"), email = "amit@amitkohli.com") as necessary. Flavors: r-devel-linux-x86_64-debian-clang, r-devel-linux-x86_64-debian-gcc

Version: 0.1.0
Check: LazyData
Result: NOTE 'LazyData' is specified without a 'data' directory Flavors: r-oldrel-macos-arm64, r-oldrel-macos-x86_64, r-oldrel-windows-x86_64