Last updated on 2025-10-31 07:51:59 CET.
| Flavor | Version | Tinstall | Tcheck | Ttotal | Status | Flags | 
|---|---|---|---|---|---|---|
| r-devel-linux-x86_64-debian-clang | 0.0.8 | 19.61 | 42.49 | 62.10 | NOTE | |
| r-devel-linux-x86_64-debian-gcc | 0.0.8 | 13.55 | 33.27 | 46.82 | NOTE | |
| r-devel-linux-x86_64-fedora-clang | 0.0.8 | 48.00 | 61.26 | 109.26 | OK | |
| r-devel-linux-x86_64-fedora-gcc | 0.0.8 | 43.00 | 74.03 | 117.03 | OK | |
| r-devel-windows-x86_64 | 0.0.8 | 28.00 | 83.00 | 111.00 | OK | |
| r-patched-linux-x86_64 | 0.0.8 | 18.61 | 40.75 | 59.36 | OK | |
| r-release-linux-x86_64 | 0.0.8 | 18.53 | 41.31 | 59.84 | OK | |
| r-release-macos-arm64 | 0.0.8 | 11.00 | 36.00 | 47.00 | OK | |
| r-release-macos-x86_64 | 0.0.8 | 10.00 | 53.00 | 63.00 | OK | |
| r-release-windows-x86_64 | 0.0.8 | 29.00 | 85.00 | 114.00 | OK | |
| r-oldrel-macos-arm64 | 0.0.8 | 10.00 | 31.00 | 41.00 | OK | |
| r-oldrel-macos-x86_64 | 0.0.8 | 10.00 | 44.00 | 54.00 | OK | |
| r-oldrel-windows-x86_64 | 0.0.8 | 33.00 | 104.00 | 137.00 | NOTE | 
Version: 0.0.8
Check: CRAN incoming feasibility
Result: NOTE
  Maintainer: ‘Paul C. Boutros <pboutros@mednet.ucla.edu>’
  
  No Authors@R field in DESCRIPTION.
  Please add one, modifying
    Authors@R: c(person(given = "Fouad",
                        family = "Yousif",
                        role = "aut"),
                 person(given = "Xihui",
                        family = "Lin",
                        role = "aut"),
                 person(given = "Fan",
                        family = "Fan",
                        role = "aut"),
                 person(given = "Christopher",
                        family = "Lalansingh",
                        role = "aut"),
                 person(given = "John",
                        family = "Macdonald",
                        role = "aut"),
                 person(given = c("Paul", "C."),
                        family = "Boutros",
                        role = "cre",
                        email = "pboutros@mednet.ucla.edu"))
  as necessary.
Flavors: r-devel-linux-x86_64-debian-clang, r-devel-linux-x86_64-debian-gcc
Version: 0.0.8
Check: package dependencies
Result: NOTE
  Package suggested but not available for checking: 'doMC'
Flavor: r-oldrel-windows-x86_64