CRAN Package Check Results for Package SeqKat

Last updated on 2025-11-23 03:48:58 CET.

Flavor Version Tinstall Tcheck Ttotal Status Flags
r-devel-linux-x86_64-debian-clang 0.0.8 19.66 42.31 61.97 NOTE
r-devel-linux-x86_64-debian-gcc 0.0.8 13.17 32.89 46.06 NOTE
r-devel-linux-x86_64-fedora-clang 0.0.8 49.00 60.50 109.50 OK
r-devel-windows-x86_64 0.0.8 33.00 84.00 117.00 OK
r-patched-linux-x86_64 0.0.8 20.51 40.84 61.35 OK
r-release-linux-x86_64 0.0.8 18.77 40.46 59.23 OK
r-release-macos-arm64 0.0.8 OK
r-release-macos-x86_64 0.0.8 10.00 53.00 63.00 OK
r-release-windows-x86_64 0.0.8 29.00 84.00 113.00 OK
r-oldrel-macos-arm64 0.0.8 OK
r-oldrel-macos-x86_64 0.0.8 10.00 44.00 54.00 OK
r-oldrel-windows-x86_64 0.0.8 32.00 103.00 135.00 NOTE

Check Details

Version: 0.0.8
Check: CRAN incoming feasibility
Result: NOTE Maintainer: ‘Paul C. Boutros <pboutros@mednet.ucla.edu>’ No Authors@R field in DESCRIPTION. Please add one, modifying Authors@R: c(person(given = "Fouad", family = "Yousif", role = "aut"), person(given = "Xihui", family = "Lin", role = "aut"), person(given = "Fan", family = "Fan", role = "aut"), person(given = "Christopher", family = "Lalansingh", role = "aut"), person(given = "John", family = "Macdonald", role = "aut"), person(given = c("Paul", "C."), family = "Boutros", role = "cre", email = "pboutros@mednet.ucla.edu")) as necessary. Flavors: r-devel-linux-x86_64-debian-clang, r-devel-linux-x86_64-debian-gcc

Version: 0.0.8
Check: package dependencies
Result: NOTE Package suggested but not available for checking: 'doMC' Flavor: r-oldrel-windows-x86_64