Last updated on 2025-07-19 08:48:51 CEST.
Flavor | Version | Tinstall | Tcheck | Ttotal | Status | Flags |
---|---|---|---|---|---|---|
r-devel-linux-x86_64-debian-clang | 1.0 | 12.74 | 27.95 | 40.69 | NOTE | |
r-devel-linux-x86_64-debian-gcc | 1.0 | 8.88 | 22.81 | 31.69 | NOTE | |
r-devel-linux-x86_64-fedora-clang | 1.0 | 66.81 | NOTE | |||
r-devel-linux-x86_64-fedora-gcc | 1.0 | 62.63 | NOTE | |||
r-devel-windows-x86_64 | 1.0 | 19.00 | 67.00 | 86.00 | NOTE | |
r-patched-linux-x86_64 | 1.0 | 12.81 | 26.68 | 39.49 | NOTE | |
r-release-linux-x86_64 | 1.0 | 12.76 | 26.46 | 39.22 | NOTE | |
r-release-macos-arm64 | 1.0 | 28.00 | NOTE | |||
r-release-macos-x86_64 | 1.0 | 38.00 | NOTE | |||
r-release-windows-x86_64 | 1.0 | 18.00 | 68.00 | 86.00 | NOTE | |
r-oldrel-macos-arm64 | 1.0 | 23.00 | NOTE | |||
r-oldrel-macos-x86_64 | 1.0 | 29.00 | NOTE | |||
r-oldrel-windows-x86_64 | 1.0 | 16.00 | 76.00 | 92.00 | NOTE |
Version: 1.0
Check: C++ specification
Result: NOTE
Specified C++11: please drop specification unless essential
Flavors: r-devel-linux-x86_64-debian-clang, r-devel-linux-x86_64-debian-gcc, r-devel-linux-x86_64-fedora-clang, r-devel-linux-x86_64-fedora-gcc, r-devel-windows-x86_64, r-patched-linux-x86_64, r-release-linux-x86_64, r-release-macos-arm64, r-release-macos-x86_64, r-release-windows-x86_64, r-oldrel-macos-arm64, r-oldrel-macos-x86_64, r-oldrel-windows-x86_64
Version: 1.0
Check: for GNU extensions in Makefiles
Result: NOTE
GNU make is a SystemRequirements.
Flavors: r-oldrel-macos-arm64, r-oldrel-macos-x86_64, r-oldrel-windows-x86_64