CRAN Package Check Results for Package SUMMER

Last updated on 2025-07-22 09:50:46 CEST.

Flavor Version Tinstall Tcheck Ttotal Status Flags
r-devel-linux-x86_64-debian-clang 2.0.0 46.99 380.27 427.26 OK
r-devel-linux-x86_64-debian-gcc 2.0.0 28.43 235.63 264.06 OK
r-devel-linux-x86_64-fedora-clang 2.0.0 668.64 OK
r-devel-linux-x86_64-fedora-gcc 2.0.0 648.30 OK
r-devel-windows-x86_64 2.0.0 41.00 285.00 326.00 OK
r-patched-linux-x86_64 2.0.0 44.13 359.45 403.58 OK
r-release-linux-x86_64 2.0.0 43.00 357.57 400.57 OK
r-release-macos-arm64 2.0.0 128.00 OK
r-release-macos-x86_64 2.0.0 334.00 OK
r-release-windows-x86_64 2.0.0 41.00 286.00 327.00 OK
r-oldrel-macos-arm64 2.0.0 154.00 NOTE
r-oldrel-macos-x86_64 2.0.0 230.00 NOTE
r-oldrel-windows-x86_64 2.0.0 60.00 410.00 470.00 NOTE

Check Details

Version: 2.0.0
Check: package dependencies
Result: NOTE Package suggested but not available for checking: ‘INLA’ Flavors: r-oldrel-macos-arm64, r-oldrel-macos-x86_64

Version: 2.0.0
Check: installed package size
Result: NOTE installed size is 6.7Mb sub-directories of 1Mb or more: data 2.0Mb doc 3.1Mb help 1.0Mb Flavors: r-oldrel-macos-arm64, r-oldrel-macos-x86_64, r-oldrel-windows-x86_64