Last updated on 2025-10-31 01:49:15 CET.
| Flavor | Version | Tinstall | Tcheck | Ttotal | Status | Flags | 
|---|---|---|---|---|---|---|
| r-devel-linux-x86_64-debian-clang | 2021.1 | 1.81 | 29.56 | 31.37 | NOTE | |
| r-devel-linux-x86_64-debian-gcc | 2021.1 | 1.68 | 23.76 | 25.44 | NOTE | |
| r-devel-linux-x86_64-fedora-clang | 2021.1 | 45.91 | NOTE | |||
| r-devel-linux-x86_64-fedora-gcc | 2021.1 | 58.25 | NOTE | |||
| r-devel-windows-x86_64 | 2021.1 | 3.00 | 53.00 | 56.00 | NOTE | |
| r-patched-linux-x86_64 | 2021.1 | 2.02 | 28.20 | 30.22 | NOTE | |
| r-release-linux-x86_64 | 2021.1 | 2.02 | 28.15 | 30.17 | NOTE | |
| r-release-macos-arm64 | 2021.1 | 1.00 | 26.00 | 27.00 | NOTE | |
| r-release-macos-x86_64 | 2021.1 | 2.00 | 43.00 | 45.00 | NOTE | |
| r-release-windows-x86_64 | 2021.1 | 5.00 | 57.00 | 62.00 | NOTE | |
| r-oldrel-macos-arm64 | 2021.1 | 1.00 | 27.00 | 28.00 | NOTE | |
| r-oldrel-macos-x86_64 | 2021.1 | 2.00 | 32.00 | 34.00 | NOTE | |
| r-oldrel-windows-x86_64 | 2021.1 | 3.00 | 56.00 | 59.00 | NOTE | 
Version: 2021.1
Check: CRAN incoming feasibility
Result: NOTE
  Maintainer: ‘Ravi Varadhan <ravi.varadhan@jhu.edu>’
  
  No Authors@R field in DESCRIPTION.
  Please add one, modifying
    Authors@R: person(given = "Ravi",
                      family = "Varadhan",
                      role = c("aut", "cre"),
                      email = "ravi.varadhan@jhu.edu")
  as necessary.
Flavors: r-devel-linux-x86_64-debian-clang, r-devel-linux-x86_64-debian-gcc
Version: 2021.1
Check: Rd files
Result: NOTE
  checkRd: (-1) fpiter.Rd:55-58: Lost braces
      55 |     \code{tol}{ - a small, positive scalar that determines when iterations 
         |               ^
  checkRd: (-1) fpiter.Rd:60-61: Lost braces
      60 |     \code{maxiter}{ - an integer denoting the maximum limit on the number of 
         |                   ^
  checkRd: (-1) fpiter.Rd:63-65: Lost braces
      63 |     \code{trace}{ - a logical variable denoting whether some of the intermediate 
         |                 ^
  checkRd: (-1) fpiter.Rd:67-70: Lost braces
      67 |     \code{intermed}}{ - a logical variable denoting whether the intermediate 
         |                     ^
  checkRd: (-1) squarem.Rd:134: Lost braces
     134 |       along with the corresponding log-likelihood value.  When the code{objfn} is not specified it will return the fixed-point residual instead of the objective function values. 
         |                                                                        ^
Flavors: r-devel-linux-x86_64-debian-clang, r-devel-linux-x86_64-debian-gcc, r-devel-linux-x86_64-fedora-clang, r-devel-linux-x86_64-fedora-gcc, r-devel-windows-x86_64, r-patched-linux-x86_64, r-release-linux-x86_64, r-release-macos-arm64, r-release-macos-x86_64, r-release-windows-x86_64, r-oldrel-macos-arm64, r-oldrel-macos-x86_64, r-oldrel-windows-x86_64
Version: 2021.1
Check: for unstated dependencies in ‘demo’
Result: NOTE
  'library' or 'require' call not declared from: ‘interval’
Flavors: r-devel-linux-x86_64-debian-clang, r-devel-linux-x86_64-debian-gcc, r-patched-linux-x86_64, r-release-linux-x86_64