Last updated on 2025-11-04 09:50:13 CET.
| Flavor | Version | Tinstall | Tcheck | Ttotal | Status | Flags | 
|---|---|---|---|---|---|---|
| r-devel-linux-x86_64-debian-clang | 0.1-9 | 2.38 | 33.92 | 36.30 | NOTE | |
| r-devel-linux-x86_64-debian-gcc | 0.1-9 | 1.73 | 24.88 | 26.61 | NOTE | |
| r-devel-linux-x86_64-fedora-clang | 0.1-9 | 53.42 | OK | |||
| r-devel-linux-x86_64-fedora-gcc | 0.1-9 | 51.82 | OK | |||
| r-devel-windows-x86_64 | 0.1-9 | 4.00 | 60.00 | 64.00 | OK | |
| r-patched-linux-x86_64 | 0.1-9 | 3.10 | 32.11 | 35.21 | OK | |
| r-release-linux-x86_64 | 0.1-9 | 2.38 | 31.96 | 34.34 | OK | |
| r-release-macos-arm64 | 0.1-9 | 2.00 | 20.00 | 22.00 | OK | |
| r-release-macos-x86_64 | 0.1-9 | 2.00 | 32.00 | 34.00 | OK | |
| r-release-windows-x86_64 | 0.1-9 | 3.00 | 60.00 | 63.00 | OK | |
| r-oldrel-macos-arm64 | 0.1-9 | 1.00 | 18.00 | 19.00 | OK | |
| r-oldrel-macos-x86_64 | 0.1-9 | 2.00 | 27.00 | 29.00 | OK | |
| r-oldrel-windows-x86_64 | 0.1-9 | 5.00 | 67.00 | 72.00 | OK | 
Version: 0.1-9
Check: CRAN incoming feasibility
Result: NOTE
  Maintainer: ‘Pavel V. Moskalev <moskalefff@gmail.com>’
  
  No Authors@R field in DESCRIPTION.
  Please add one, modifying
    Authors@R: person(given = c("Pavel", "V."),
                      family = "Moskalev",
                      role = c("aut", "cre"),
                      email = "moskalefff@gmail.com")
  as necessary.
Flavors: r-devel-linux-x86_64-debian-clang, r-devel-linux-x86_64-debian-gcc