CRAN Package Check Results for Package SMME

Last updated on 2025-07-18 07:49:47 CEST.

Flavor Version Tinstall Tcheck Ttotal Status Flags
r-devel-linux-x86_64-debian-clang 1.1.1 33.70 30.04 63.74 NOTE
r-devel-linux-x86_64-debian-gcc 1.1.1 24.50 23.63 48.13 NOTE
r-devel-linux-x86_64-fedora-clang 1.1.1 110.56 NOTE
r-devel-linux-x86_64-fedora-gcc 1.1.1 107.77 NOTE
r-devel-windows-x86_64 1.1.1 37.00 72.00 109.00 NOTE
r-patched-linux-x86_64 1.1.1 35.97 28.05 64.02 NOTE
r-release-linux-x86_64 1.1.1 36.98 28.07 65.05 NOTE
r-release-macos-arm64 1.1.1 38.00 NOTE
r-release-macos-x86_64 1.1.1 61.00 NOTE
r-release-windows-x86_64 1.1.1 38.00 72.00 110.00 NOTE
r-oldrel-macos-arm64 1.1.1 38.00 NOTE
r-oldrel-macos-x86_64 1.1.1 48.00 NOTE
r-oldrel-windows-x86_64 1.1.1 44.00 82.00 126.00 NOTE

Check Details

Version: 1.1.1
Check: C++ specification
Result: NOTE Specified C++11: please drop specification unless essential Flavors: r-devel-linux-x86_64-debian-clang, r-devel-linux-x86_64-debian-gcc, r-devel-linux-x86_64-fedora-clang, r-devel-linux-x86_64-fedora-gcc, r-devel-windows-x86_64, r-patched-linux-x86_64, r-release-linux-x86_64, r-release-macos-arm64, r-release-macos-x86_64, r-release-windows-x86_64, r-oldrel-macos-arm64, r-oldrel-macos-x86_64, r-oldrel-windows-x86_64