Last updated on 2025-10-31 14:49:54 CET.
| Flavor | Version | Tinstall | Tcheck | Ttotal | Status | Flags | 
|---|---|---|---|---|---|---|
| r-devel-linux-x86_64-debian-clang | 1.0.2 | 14.43 | 85.39 | 99.82 | NOTE | |
| r-devel-linux-x86_64-debian-gcc | 1.0.2 | 8.81 | 58.28 | 67.09 | NOTE | |
| r-devel-linux-x86_64-fedora-clang | 1.0.2 | 34.00 | 127.05 | 161.05 | NOTE | |
| r-devel-linux-x86_64-fedora-gcc | 1.0.2 | 32.00 | 135.13 | 167.13 | NOTE | |
| r-devel-windows-x86_64 | 1.0.2 | 15.00 | 109.00 | 124.00 | NOTE | |
| r-patched-linux-x86_64 | 1.0.2 | 11.21 | 81.25 | 92.46 | NOTE | |
| r-release-linux-x86_64 | 1.0.2 | 12.92 | 81.47 | 94.39 | NOTE | |
| r-release-macos-arm64 | 1.0.2 | 6.00 | 50.00 | 56.00 | WARN | |
| r-release-macos-x86_64 | 1.0.2 | 13.00 | 79.00 | 92.00 | NOTE | |
| r-release-windows-x86_64 | 1.0.2 | 15.00 | 114.00 | 129.00 | NOTE | |
| r-oldrel-macos-arm64 | 1.0.2 | 6.00 | 52.00 | 58.00 | WARN | |
| r-oldrel-macos-x86_64 | 1.0.2 | 10.00 | 59.00 | 69.00 | NOTE | |
| r-oldrel-windows-x86_64 | 1.0.2 | 20.00 | 125.00 | 145.00 | NOTE | 
Version: 1.0.2
Check: CRAN incoming feasibility
Result: NOTE
  Maintainer: ‘Nicolas Vergne <nicolas.vergne@univ-rouen.fr>’
  
  No Authors@R field in DESCRIPTION.
  Please add one, modifying
    Authors@R: c(person(given = c("Vlad", "Stefan"),
                        family = "Barbu",
                        role = "aut"),
                 person(given = "Caroline",
                        family = "Berard",
                        role = "aut"),
                 person(given = "Dominique",
                        family = "Cellier",
                        role = "aut"),
                 person(given = "Mathilde",
                        family = "Sautreuil",
                        role = "aut"),
                 person(given = "Nicolas",
                        family = "Vergne",
                        role = c("aut", "cre"),
                        email = "nicolas.vergne@univ-rouen.fr"))
  as necessary.
Flavors: r-devel-linux-x86_64-debian-clang, r-devel-linux-x86_64-debian-gcc
Version: 1.0.2
Check: Rd files
Result: NOTE
  checkRd: (-1) estimMk.Rd:44: Lost braces; missing escapes or markup?
      44 | estimMk returns the transition probability matrix of size (S^{k})xS (with S = length(E)) 
         |                                                              ^
Flavors: r-devel-linux-x86_64-debian-clang, r-devel-linux-x86_64-debian-gcc, r-devel-linux-x86_64-fedora-clang, r-devel-linux-x86_64-fedora-gcc, r-devel-windows-x86_64, r-patched-linux-x86_64, r-release-linux-x86_64, r-release-macos-arm64, r-release-macos-x86_64, r-release-windows-x86_64, r-oldrel-macos-arm64, r-oldrel-macos-x86_64, r-oldrel-windows-x86_64
Version: 1.0.2
Check: re-building of vignette outputs
Result: WARN
  Error(s) in re-building vignettes:
  --- re-building ‘smm.Rnw’ using Sweave
  Error: processing vignette 'smm.Rnw' failed with diagnostics:
  Running 'texi2dvi' on 'smm.tex' failed.
  LaTeX errors:
  !pdfTeX error: pdflatex (file bbm10): Font bbm10 at 657 not found
   ==> Fatal error occurred, no output PDF file produced!
  --- failed re-building ‘smm.Rnw’
  
  SUMMARY: processing the following file failed:
    ‘smm.Rnw’
  
  Error: Vignette re-building failed.
  Execution halted
Flavors: r-release-macos-arm64, r-oldrel-macos-arm64