CRAN Package Check Results for Package SLBDD

Last updated on 2025-07-17 18:50:00 CEST.

Flavor Version Tinstall Tcheck Ttotal Status Flags
r-devel-linux-x86_64-debian-clang 0.0.4 43.12 219.04 262.16 NOTE
r-devel-linux-x86_64-debian-gcc 0.0.4 36.35 155.08 191.43 NOTE
r-devel-linux-x86_64-fedora-clang 0.0.4 414.82 NOTE
r-devel-linux-x86_64-fedora-gcc 0.0.4 428.08 NOTE
r-devel-windows-x86_64 0.0.4 44.00 198.00 242.00 NOTE
r-patched-linux-x86_64 0.0.4 47.20 205.11 252.31 NOTE
r-release-linux-x86_64 0.0.4 44.58 206.64 251.22 NOTE
r-release-macos-arm64 0.0.4 148.00 NOTE
r-release-macos-x86_64 0.0.4 202.00 NOTE
r-release-windows-x86_64 0.0.4 45.00 196.00 241.00 NOTE
r-oldrel-macos-arm64 0.0.4 138.00 NOTE
r-oldrel-macos-x86_64 0.0.4 185.00 NOTE
r-oldrel-windows-x86_64 0.0.4 58.00 262.00 320.00 NOTE

Check Details

Version: 0.0.4
Check: Rd files
Result: NOTE checkRd: (-1) outliers.hdts.Rd:44: Lost braces; missing escapes or markup? 44 | \item I.cov.rob - The matrix (V'GnV)^{-1} used to compute the statistics to detect the idiosyncratic outliers. | ^ Flavors: r-devel-linux-x86_64-debian-clang, r-devel-linux-x86_64-debian-gcc, r-devel-linux-x86_64-fedora-clang, r-devel-linux-x86_64-fedora-gcc, r-devel-windows-x86_64, r-patched-linux-x86_64, r-release-linux-x86_64, r-release-macos-arm64, r-release-macos-x86_64, r-release-windows-x86_64, r-oldrel-macos-arm64, r-oldrel-macos-x86_64, r-oldrel-windows-x86_64

Version: 0.0.4
Check: installed package size
Result: NOTE installed size is 5.6Mb sub-directories of 1Mb or more: data 5.1Mb Flavors: r-oldrel-macos-arm64, r-oldrel-macos-x86_64, r-oldrel-windows-x86_64