Last updated on 2025-10-26 05:50:12 CET.
| Flavor | Version | Tinstall | Tcheck | Ttotal | Status | Flags |
|---|---|---|---|---|---|---|
| r-devel-linux-x86_64-debian-clang | 2.0.4 | 2.16 | 30.36 | 32.52 | OK | |
| r-devel-linux-x86_64-debian-gcc | 2.0.4 | 1.70 | 24.54 | 26.24 | OK | |
| r-devel-linux-x86_64-fedora-clang | 2.0.4 | 50.38 | OK | |||
| r-devel-linux-x86_64-fedora-gcc | 2.0.4 | 16.00 | 48.45 | 64.45 | OK | |
| r-devel-windows-x86_64 | 2.0.4 | 3.00 | 60.00 | 63.00 | OK | |
| r-patched-linux-x86_64 | 2.0.4 | 2.13 | 29.32 | 31.45 | OK | |
| r-release-linux-x86_64 | 2.0.4 | 2.13 | 30.14 | 32.27 | OK | |
| r-release-macos-arm64 | 2.0.4 | 1.00 | 59.00 | 60.00 | OK | |
| r-release-macos-x86_64 | 2.0.4 | 2.00 | 56.00 | 58.00 | OK | |
| r-release-windows-x86_64 | 2.0.4 | 3.00 | 326300.00 | 326303.00 | ERROR | |
| r-oldrel-macos-arm64 | 2.0.4 | 1.00 | 62.00 | 63.00 | OK | |
| r-oldrel-macos-x86_64 | 2.0.4 | 2.00 | 72.00 | 74.00 | OK | |
| r-oldrel-windows-x86_64 | 2.0.4 | 4.00 | 67.00 | 71.00 | OK |
Version: 2.0.4
Check: re-building of vignette outputs
Result: ERROR
Error(s) in re-building vignettes:
--- re-building 'SIBER.Rnw' using Sweave
Loading required package: edgeR
Loading required package: limma
Warning in system(paste(shQuote(texi2dvi), if (quiet) "--quiet" else "", :
running command '"C:\PROGRA~1\MiKTeX\miktex\bin\x64\texify.exe" --quiet --pdf "SIBER.tex" --max-iterations=20' had status 1
Error: processing vignette 'SIBER.Rnw' failed with diagnostics:
Failed to locate 'texi2pdf' output file 'SIBER.pdf' for vignette with name 'SIBER' and engine 'utils::Sweave'. The following files exist in working directory 'D:\RCompile\CRANpkg\local\4.5\SIBERG.Rcheck\vign_test\SIBERG\vignettes': 'SIBER.Rnw' (10576 bytes), 'SIBER.tex' (14242 bytes), 'siber.bib' (1739 bytes)
--- failed re-building 'SIBER.Rnw'
SUMMARY: processing the following file failed:
'SIBER.Rnw'
Error: Vignette re-building failed.
Execution halted
Flavor: r-release-windows-x86_64