Last updated on 2025-10-31 01:49:12 CET.
| Flavor | Version | Tinstall | Tcheck | Ttotal | Status | Flags | 
|---|---|---|---|---|---|---|
| r-devel-linux-x86_64-debian-clang | 0.2.0 | 4.19 | 97.61 | 101.80 | NOTE | |
| r-devel-linux-x86_64-debian-gcc | 0.2.0 | 3.79 | 68.92 | 72.71 | NOTE | |
| r-devel-linux-x86_64-fedora-clang | 0.2.0 | 12.00 | 139.85 | 151.85 | NOTE | |
| r-devel-linux-x86_64-fedora-gcc | 0.2.0 | 13.00 | 159.20 | 172.20 | NOTE | |
| r-devel-windows-x86_64 | 0.2.0 | 10.00 | 105.00 | 115.00 | NOTE | |
| r-patched-linux-x86_64 | 0.2.0 | 3.82 | 91.27 | 95.09 | NOTE | |
| r-release-linux-x86_64 | 0.2.0 | 3.72 | 92.73 | 96.45 | NOTE | |
| r-release-macos-arm64 | 0.2.0 | 3.00 | 54.00 | 57.00 | NOTE | |
| r-release-macos-x86_64 | 0.2.0 | 6.00 | 110.00 | 116.00 | NOTE | |
| r-release-windows-x86_64 | 0.2.0 | 14.00 | 108.00 | 122.00 | NOTE | |
| r-oldrel-macos-arm64 | 0.2.0 | 7.00 | 76.00 | 83.00 | OK | |
| r-oldrel-macos-x86_64 | 0.2.0 | 14.00 | 137.00 | 151.00 | OK | |
| r-oldrel-windows-x86_64 | 0.2.0 | 13.00 | 132.00 | 145.00 | OK | 
Version: 0.2.0
Check: compiled code
Result: NOTE
  File ‘S7/libs/S7.so’:
    Found non-API calls to R: ‘FORMALS’, ‘Rf_allocSExp’
  
  Compiled code should not call non-API entry points in R.
  
  See ‘Writing portable packages’ in the ‘Writing R Extensions’ manual,
  and section ‘Moving into C API compliance’ for issues with the use of
  non-API entry points.
Flavors: r-devel-linux-x86_64-debian-clang, r-devel-linux-x86_64-debian-gcc, r-devel-linux-x86_64-fedora-clang, r-devel-linux-x86_64-fedora-gcc, r-patched-linux-x86_64, r-release-linux-x86_64, r-release-macos-arm64, r-release-macos-x86_64
Version: 0.2.0
Check: compiled code
Result: NOTE
  File 'S7/libs/x64/S7.dll':
    Found non-API calls to R: 'FORMALS', 'Rf_allocSExp'
  
  Compiled code should not call non-API entry points in R.
  
  See 'Writing portable packages' in the 'Writing R Extensions' manual,
  and section 'Moving into C API compliance' for issues with the use of
  non-API entry points.
Flavors: r-devel-windows-x86_64, r-release-windows-x86_64