Last updated on 2025-10-31 01:49:11 CET.
| Flavor | Version | Tinstall | Tcheck | Ttotal | Status | Flags | 
|---|---|---|---|---|---|---|
| r-devel-linux-x86_64-debian-clang | 2.0.1 | 55.70 | 80.92 | 136.62 | OK | |
| r-devel-linux-x86_64-debian-gcc | 2.0.1 | 40.92 | 56.45 | 97.37 | OK | |
| r-devel-linux-x86_64-fedora-clang | 2.0.1 | 91.00 | 142.75 | 233.75 | OK | |
| r-devel-linux-x86_64-fedora-gcc | 2.0.1 | 103.00 | 148.71 | 251.71 | OK | |
| r-devel-windows-x86_64 | 2.0.1 | 65.00 | 101.00 | 166.00 | OK | |
| r-patched-linux-x86_64 | 2.0.1 | 61.06 | 75.98 | 137.04 | OK | |
| r-release-linux-x86_64 | 2.0.1 | 60.47 | 76.33 | 136.80 | OK | |
| r-release-macos-arm64 | 2.0.1 | 20.00 | 45.00 | 65.00 | OK | |
| r-release-macos-x86_64 | 2.0.1 | 36.00 | 68.00 | 104.00 | OK | |
| r-release-windows-x86_64 | 2.0.1 | 67.00 | 101.00 | 168.00 | OK | |
| r-oldrel-macos-arm64 | 2.0.1 | 21.00 | 51.00 | 72.00 | NOTE | |
| r-oldrel-macos-x86_64 | 2.0.1 | 45.00 | 73.00 | 118.00 | NOTE | |
| r-oldrel-windows-x86_64 | 2.0.1 | 78.00 | 122.00 | 200.00 | OK | 
Version: 2.0.1
Check: installed package size
Result: NOTE
    installed size is  6.1Mb
    sub-directories of 1Mb or more:
      libs   5.5Mb
Flavors: r-oldrel-macos-arm64, r-oldrel-macos-x86_64