Last updated on 2025-11-22 21:49:53 CET.
| Flavor | Version | Tinstall | Tcheck | Ttotal | Status | Flags |
|---|---|---|---|---|---|---|
| r-devel-linux-x86_64-debian-clang | 0.1-3 | 7.35 | 21.55 | 28.90 | OK | |
| r-devel-linux-x86_64-debian-gcc | 0.1-3 | 4.71 | 17.61 | 22.32 | OK | |
| r-devel-linux-x86_64-fedora-clang | 0.1-3 | 26.00 | 17.65 | 43.65 | OK | |
| r-devel-windows-x86_64 | 0.1-3 | 42.00 | 172.00 | 214.00 | OK | |
| r-patched-linux-x86_64 | 0.1-3 | 4.93 | 20.38 | 25.31 | OK | |
| r-release-linux-x86_64 | 0.1-3 | 5.23 | 20.26 | 25.49 | OK | |
| r-release-macos-arm64 | 0.1-3 | OK | ||||
| r-release-macos-x86_64 | 0.1-3 | 17.00 | 21.00 | 38.00 | OK | |
| r-release-windows-x86_64 | 0.1-3 | 38.00 | 173.00 | 211.00 | OK | |
| r-oldrel-macos-arm64 | 0.1-3 | NOTE | ||||
| r-oldrel-macos-x86_64 | 0.1-3 | 23.00 | 32.00 | 55.00 | NOTE | |
| r-oldrel-windows-x86_64 | 0.1-3 | 46.00 | 160.00 | 206.00 | NOTE |
Version: 0.1-3
Check: installed package size
Result: NOTE
installed size is 49.3Mb
sub-directories of 1Mb or more:
libs 49.2Mb
Flavors: r-oldrel-macos-arm64, r-oldrel-macos-x86_64, r-oldrel-windows-x86_64