Last updated on 2025-10-11 13:49:53 CEST.
Flavor | Version | Tinstall | Tcheck | Ttotal | Status | Flags |
---|---|---|---|---|---|---|
r-devel-linux-x86_64-debian-clang | 0.0.3 | 55.21 | 24.18 | 79.39 | OK | |
r-devel-linux-x86_64-debian-gcc | 0.0.3 | 43.90 | 19.66 | 63.56 | OK | |
r-devel-linux-x86_64-fedora-clang | 0.0.3 | 122.45 | OK | |||
r-devel-linux-x86_64-fedora-gcc | 0.0.3 | 166.29 | OK | |||
r-devel-windows-x86_64 | 0.0.3 | 65.00 | 71.00 | 136.00 | OK | |
r-patched-linux-x86_64 | 0.0.3 | 67.44 | 22.86 | 90.30 | OK | |
r-release-linux-x86_64 | 0.0.3 | 64.35 | 22.81 | 87.16 | OK | |
r-release-macos-arm64 | 0.0.3 | 37.00 | OK | |||
r-release-macos-x86_64 | 0.0.3 | 77.00 | OK | |||
r-release-windows-x86_64 | 0.0.3 | 64.00 | 75.00 | 139.00 | OK | |
r-oldrel-macos-arm64 | 0.0.3 | 34.00 | NOTE | |||
r-oldrel-macos-x86_64 | 0.0.3 | 55.00 | NOTE | |||
r-oldrel-windows-x86_64 | 0.0.3 | 81.00 | 94.00 | 175.00 | OK |
Version: 0.0.3
Check: installed package size
Result: NOTE
installed size is 19.7Mb
sub-directories of 1Mb or more:
libs 19.5Mb
Flavors: r-oldrel-macos-arm64, r-oldrel-macos-x86_64