CRAN Package Check Results for Package Rita

Last updated on 2025-07-19 08:48:48 CEST.

Flavor Version Tinstall Tcheck Ttotal Status Flags
r-devel-linux-x86_64-debian-clang 1.2.0 2.88 29.29 32.17 OK
r-devel-linux-x86_64-debian-gcc 1.2.0 2.29 21.65 23.94 OK
r-devel-linux-x86_64-fedora-clang 1.2.0 50.69 NOTE
r-devel-linux-x86_64-fedora-gcc 1.2.0 48.87 NOTE
r-devel-windows-x86_64 1.2.0 5.00 59.00 64.00 OK
r-patched-linux-x86_64 1.2.0 2.58 27.67 30.25 OK
r-release-linux-x86_64 1.2.0 2.75 27.52 30.27 OK
r-release-macos-arm64 1.2.0 19.00 OK
r-release-macos-x86_64 1.2.0 33.00 OK
r-release-windows-x86_64 1.2.0 4.00 53.00 57.00 OK
r-oldrel-macos-arm64 1.2.0 17.00 OK
r-oldrel-macos-x86_64 1.2.0 28.00 OK
r-oldrel-windows-x86_64 1.2.0 4.00 57.00 61.00 OK

Check Details

Version: 1.2.0
Check: dependencies in R code
Result: NOTE Namespace in Imports field not imported from: ‘base’ All declared Imports should be used. Flavors: r-devel-linux-x86_64-fedora-clang, r-devel-linux-x86_64-fedora-gcc