Last updated on 2025-10-31 14:49:51 CET.
| Flavor | Version | Tinstall | Tcheck | Ttotal | Status | Flags | 
|---|---|---|---|---|---|---|
| r-devel-linux-x86_64-debian-clang | 0.1.6 | 240.29 | 214.39 | 454.68 | OK | |
| r-devel-linux-x86_64-debian-gcc | 0.1.6 | 159.43 | 161.51 | 320.94 | OK | |
| r-devel-linux-x86_64-fedora-clang | 0.1.6 | 1200.00 | -330.57 | 869.43 | OK | |
| r-devel-linux-x86_64-fedora-gcc | 0.1.6 | 600.00 | 203.89 | 803.89 | OK | |
| r-devel-windows-x86_64 | 0.1.6 | 261.00 | 245.00 | 506.00 | OK | |
| r-patched-linux-x86_64 | 0.1.6 | 227.69 | 201.29 | 428.98 | OK | |
| r-release-linux-x86_64 | 0.1.6 | 233.02 | 201.11 | 434.13 | OK | |
| r-release-macos-arm64 | 0.1.6 | 84.00 | 50.00 | 134.00 | OK | |
| r-release-macos-x86_64 | 0.1.6 | 119.00 | 144.00 | 263.00 | OK | |
| r-release-windows-x86_64 | 0.1.6 | 247.00 | 245.00 | 492.00 | OK | |
| r-oldrel-macos-arm64 | 0.1.6 | 80.00 | 58.00 | 138.00 | NOTE | |
| r-oldrel-macos-x86_64 | 0.1.6 | 141.00 | 214.00 | 355.00 | NOTE | |
| r-oldrel-windows-x86_64 | 0.1.6 | 302.00 | 310.00 | 612.00 | OK | 
Version: 0.1.6
Check: installed package size
Result: NOTE
    installed size is 18.8Mb
    sub-directories of 1Mb or more:
      data   1.6Mb
      libs  16.5Mb
Flavors: r-oldrel-macos-arm64, r-oldrel-macos-x86_64