Last updated on 2025-10-31 01:49:10 CET.
| Flavor | Version | Tinstall | Tcheck | Ttotal | Status | Flags | 
|---|---|---|---|---|---|---|
| r-devel-linux-x86_64-debian-clang | 1.1.0 | 5.18 | 21.83 | 27.01 | NOTE | |
| r-devel-linux-x86_64-debian-gcc | 1.1.0 | 3.83 | 17.42 | 21.25 | NOTE | |
| r-devel-linux-x86_64-fedora-clang | 1.1.0 | 39.13 | OK | |||
| r-devel-linux-x86_64-fedora-gcc | 1.1.0 | 37.48 | OK | |||
| r-devel-windows-x86_64 | 1.1.0 | 6.00 | 38.00 | 44.00 | OK | |
| r-patched-linux-x86_64 | 1.1.0 | 5.12 | 20.78 | 25.90 | OK | |
| r-release-linux-x86_64 | 1.1.0 | 5.25 | 20.99 | 26.24 | OK | |
| r-release-macos-arm64 | 1.1.0 | 3.00 | 16.00 | 19.00 | OK | |
| r-release-macos-x86_64 | 1.1.0 | 6.00 | 27.00 | 33.00 | OK | |
| r-release-windows-x86_64 | 1.1.0 | 5.00 | 40.00 | 45.00 | OK | |
| r-oldrel-macos-arm64 | 1.1.0 | 3.00 | 15.00 | 18.00 | OK | |
| r-oldrel-macos-x86_64 | 1.1.0 | 5.00 | 22.00 | 27.00 | NOTE | |
| r-oldrel-windows-x86_64 | 1.1.0 | 5.00 | 40.00 | 45.00 | OK | 
Version: 1.1.0
Check: CRAN incoming feasibility
Result: NOTE
  Maintainer: ‘Konstantin Hopf <konstantin.hopf@uni-bamberg.de>’
  
  Package CITATION file contains call(s) to old-style citEntry().  Please
  use bibentry() instead.
Flavors: r-devel-linux-x86_64-debian-clang, r-devel-linux-x86_64-debian-gcc
Version: 1.1.0
Check: installed package size
Result: NOTE
    installed size is  5.6Mb
    sub-directories of 1Mb or more:
      data   5.5Mb
Flavor: r-oldrel-macos-x86_64