Last updated on 2025-10-24 05:50:53 CEST.
| Flavor | Version | Tinstall | Tcheck | Ttotal | Status | Flags |
|---|---|---|---|---|---|---|
| r-devel-linux-x86_64-debian-clang | 0.1.9 | 13.76 | 116.16 | 129.92 | OK | |
| r-devel-linux-x86_64-debian-gcc | 0.1.9 | 7.94 | 78.90 | 86.84 | OK | |
| r-devel-linux-x86_64-fedora-clang | 0.1.9 | 58.00 | 149.21 | 207.21 | OK | |
| r-devel-linux-x86_64-fedora-gcc | 0.1.9 | 104.00 | 116.82 | 220.82 | OK | |
| r-devel-windows-x86_64 | 0.1.9 | 15.00 | 127.00 | 142.00 | OK | |
| r-patched-linux-x86_64 | 0.1.9 | 15.56 | 106.36 | 121.92 | OK | |
| r-release-linux-x86_64 | 0.1.9 | 12.91 | 107.56 | 120.47 | OK | |
| r-release-macos-arm64 | 0.1.9 | 4.00 | 52.00 | 56.00 | OK | |
| r-release-macos-x86_64 | 0.1.9 | 8.00 | 99.00 | 107.00 | OK | |
| r-release-windows-x86_64 | 0.1.9 | 15.00 | 130.00 | 145.00 | OK | |
| r-oldrel-macos-arm64 | 0.1.9 | 4.00 | 53.00 | 57.00 | OK | |
| r-oldrel-macos-x86_64 | 0.1.9 | 7.00 | 104.00 | 111.00 | NOTE | |
| r-oldrel-windows-x86_64 | 0.1.9 | 20.00 | 157.00 | 177.00 | OK |
Version: 0.1.9
Check: package dependencies
Result: NOTE
Packages suggested but not available for checking: 'PADOG', 'safe'
Flavor: r-oldrel-macos-x86_64
Version: 0.1.9
Check: Rd cross-references
Result: NOTE
Packages unavailable to check Rd xrefs: ‘PADOG’, ‘safe’
Flavor: r-oldrel-macos-x86_64