Last updated on 2025-11-21 08:53:12 CET.
| Flavor | Version | Tinstall | Tcheck | Ttotal | Status | Flags |
|---|---|---|---|---|---|---|
| r-devel-linux-x86_64-debian-clang | 0.3.0 | 57.45 | 125.63 | 183.08 | WARN | |
| r-devel-linux-x86_64-debian-gcc | 0.3.0 | 39.85 | 89.97 | 129.82 | WARN | |
| r-devel-linux-x86_64-fedora-clang | 0.3.0 | 108.00 | 173.51 | 281.51 | NOTE | |
| r-devel-linux-x86_64-fedora-gcc | 0.3.0 | 123.00 | 171.52 | 294.52 | NOTE | |
| r-devel-windows-x86_64 | 0.3.0 | 70.00 | 149.00 | 219.00 | NOTE | |
| r-patched-linux-x86_64 | 0.3.0 | 60.61 | 119.00 | 179.61 | NOTE | |
| r-release-linux-x86_64 | 0.3.0 | 60.48 | 117.11 | 177.59 | NOTE | |
| r-release-macos-arm64 | 0.3.0 | NOTE | ||||
| r-release-macos-x86_64 | 0.3.0 | 47.00 | 97.00 | 144.00 | NOTE | |
| r-release-windows-x86_64 | 0.3.0 | 62.00 | 164.00 | 226.00 | NOTE | |
| r-oldrel-macos-arm64 | 0.3.0 | NOTE | ||||
| r-oldrel-macos-x86_64 | 0.3.0 | 49.00 | 73.00 | 122.00 | NOTE | |
| r-oldrel-windows-x86_64 | 0.3.0 | 78.00 | 188.00 | 266.00 | NOTE |
Version: 0.3.0
Check: whether package can be installed
Result: WARN
Found the following significant warnings:
/home/hornik/tmp/R.check/r-devel-clang/Work/build/Packages/RcppArmadillo/include/RcppArmadillo/version/arma.h:66:17: warning: Using fallback compilation with Armadillo 14.6.3. Please consider defining -DARMA_USE_CURRENT and also removing C++11 compilation directive. See GitHub issue #475 for more. [-W#pragma-messages]
See ‘/home/hornik/tmp/R.check/r-devel-clang/Work/PKGS/RcppCensSpatial.Rcheck/00install.out’ for details.
* used C++ compiler: ‘Debian clang version 21.1.5 (1)’
Flavor: r-devel-linux-x86_64-debian-clang
Version: 0.3.0
Check: C++ specification
Result: NOTE
Specified C++11: please drop specification unless essential
Flavors: r-devel-linux-x86_64-debian-clang, r-devel-linux-x86_64-debian-gcc, r-devel-linux-x86_64-fedora-clang, r-devel-linux-x86_64-fedora-gcc, r-devel-windows-x86_64, r-patched-linux-x86_64, r-release-linux-x86_64, r-release-macos-arm64, r-release-macos-x86_64, r-release-windows-x86_64, r-oldrel-macos-arm64, r-oldrel-macos-x86_64, r-oldrel-windows-x86_64
Version: 0.3.0
Check: package subdirectories
Result: NOTE
Problems with news in ‘NEWS.md’:
No news entries found.
Flavors: r-devel-linux-x86_64-debian-clang, r-devel-linux-x86_64-debian-gcc, r-devel-linux-x86_64-fedora-clang, r-devel-linux-x86_64-fedora-gcc, r-devel-windows-x86_64, r-patched-linux-x86_64, r-release-linux-x86_64, r-release-macos-arm64, r-release-macos-x86_64, r-release-windows-x86_64, r-oldrel-macos-arm64, r-oldrel-macos-x86_64, r-oldrel-windows-x86_64
Version: 0.3.0
Check: whether package can be installed
Result: WARN
Found the following significant warnings:
/home/hornik/tmp/R.check/r-devel-gcc/Work/build/Packages/RcppArmadillo/include/RcppArmadillo/version/arma.h:66:199: note: ‘#pragma message: Using fallback compilation with Armadillo 14.6.3. Please consider defining -DARMA_USE_CURRENT and also removing C++11 compilation directive. See GitHub issue #475 for more.’
See ‘/home/hornik/tmp/R.check/r-devel-gcc/Work/PKGS/RcppCensSpatial.Rcheck/00install.out’ for details.
* used C++ compiler: ‘g++-15 (Debian 15.2.0-7) 15.2.0’
Flavor: r-devel-linux-x86_64-debian-gcc
Version: 0.3.0
Check: installed package size
Result: NOTE
installed size is 7.7Mb
sub-directories of 1Mb or more:
libs 7.5Mb
Flavors: r-oldrel-macos-arm64, r-oldrel-macos-x86_64