Last updated on 2025-10-21 11:53:36 CEST.
Flavor | Version | Tinstall | Tcheck | Ttotal | Status | Flags |
---|---|---|---|---|---|---|
r-devel-linux-x86_64-debian-clang | 1.0.1 | 71.07 | 142.19 | 213.26 | OK | |
r-devel-linux-x86_64-debian-gcc | 1.0.1 | 44.46 | 90.61 | 135.07 | OK | |
r-devel-linux-x86_64-fedora-clang | 1.0.1 | 383.32 | OK | |||
r-devel-linux-x86_64-fedora-gcc | 1.0.1 | 121.00 | 213.58 | 334.58 | OK | |
r-devel-windows-x86_64 | 1.0.1 | 130.00 | 190.00 | 320.00 | OK | |
r-patched-linux-x86_64 | 1.0.1 | 71.30 | 133.72 | 205.02 | OK | |
r-release-linux-x86_64 | 1.0.1 | 67.03 | 135.55 | 202.58 | OK | |
r-release-macos-arm64 | 1.0.1 | 83.00 | OK | |||
r-release-macos-x86_64 | 1.0.1 | 38.00 | 156.00 | 194.00 | OK | |
r-release-windows-x86_64 | 1.0.1 | 130.00 | 195.00 | 325.00 | OK | |
r-oldrel-macos-arm64 | 1.0.1 | 79.00 | NOTE | |||
r-oldrel-macos-x86_64 | 1.0.1 | 123.00 | NOTE | |||
r-oldrel-windows-x86_64 | 1.0.1 | 146.00 | 227.00 | 373.00 | NOTE |
Version: 1.0.1
Check: installed package size
Result: NOTE
installed size is 39.7Mb
sub-directories of 1Mb or more:
include 37.8Mb
libs 1.8Mb
Flavors: r-oldrel-macos-arm64, r-oldrel-macos-x86_64, r-oldrel-windows-x86_64