Last updated on 2025-10-21 17:49:59 CEST.
Flavor | Version | Tinstall | Tcheck | Ttotal | Status | Flags |
---|---|---|---|---|---|---|
r-devel-linux-x86_64-debian-clang | 15.0.2-2 | 32.77 | 202.71 | 235.48 | NOTE | |
r-devel-linux-x86_64-debian-gcc | 15.0.2-2 | 20.34 | 131.82 | 152.16 | NOTE | |
r-devel-linux-x86_64-fedora-clang | 15.0.2-2 | 55.00 | 360.17 | 415.17 | OK | |
r-devel-linux-x86_64-fedora-gcc | 15.0.2-2 | 55.00 | 327.77 | 382.77 | OK | |
r-devel-windows-x86_64 | 15.0.2-2 | 84.00 | 312.00 | 396.00 | OK | |
r-patched-linux-x86_64 | 15.0.2-2 | 30.10 | 190.75 | 220.85 | OK | |
r-release-linux-x86_64 | 15.0.2-2 | 29.10 | 196.11 | 225.21 | OK | |
r-release-macos-arm64 | 15.0.2-2 | 21.00 | 159.00 | 180.00 | OK | |
r-release-macos-x86_64 | 15.0.2-2 | 29.00 | 260.00 | 289.00 | OK | |
r-release-windows-x86_64 | 15.0.2-2 | 78.00 | 282.00 | 360.00 | OK | |
r-oldrel-macos-arm64 | 15.0.2-2 | 28.00 | 233.00 | 261.00 | NOTE | |
r-oldrel-macos-x86_64 | 15.0.2-2 | 30.00 | 256.00 | 286.00 | NOTE | |
r-oldrel-windows-x86_64 | 15.0.2-2 | 87.00 | 319.00 | 406.00 | NOTE |
Version: 15.0.2-2
Check: HTML version of manual
Result: NOTE
Found the following HTML validation problems:
armadillo_throttle_cores.html:50:1 (armadillo_throttle_cores.Rd:13): Warning: missing </ul> before </div>
Flavors: r-devel-linux-x86_64-debian-clang, r-devel-linux-x86_64-debian-gcc
Version: 15.0.2-2
Check: installed package size
Result: NOTE
installed size is 16.4Mb
sub-directories of 1Mb or more:
include 13.3Mb
libs 2.2Mb
Flavors: r-oldrel-macos-arm64, r-oldrel-macos-x86_64, r-oldrel-windows-x86_64