Last updated on 2025-07-12 22:49:19 CEST.
Flavor | Version | Tinstall | Tcheck | Ttotal | Status | Flags |
---|---|---|---|---|---|---|
r-devel-linux-x86_64-debian-clang | 2.9.3 | 247.05 | 185.55 | 432.60 | OK | |
r-devel-linux-x86_64-debian-gcc | 2.9.3 | 162.52 | 133.96 | 296.48 | OK | |
r-devel-linux-x86_64-fedora-clang | 2.9.3 | 861.96 | OK | |||
r-devel-linux-x86_64-fedora-gcc | 2.9.3 | 729.07 | OK | |||
r-devel-windows-x86_64 | 2.9.3 | 287.00 | 237.00 | 524.00 | OK | |
r-patched-linux-x86_64 | 2.9.3 | 236.46 | 179.94 | 416.40 | OK | |
r-release-linux-x86_64 | 2.9.3 | 231.64 | 179.11 | 410.75 | OK | |
r-release-macos-arm64 | 2.9.3 | 168.00 | OK | |||
r-release-macos-x86_64 | 2.9.3 | 251.00 | OK | |||
r-release-windows-x86_64 | 2.9.3 | 296.00 | 234.00 | 530.00 | OK | |
r-oldrel-macos-arm64 | 2.9.3 | 198.00 | NOTE | |||
r-oldrel-macos-x86_64 | 2.9.3 | 347.00 | NOTE | |||
r-oldrel-windows-x86_64 | 2.9.3 | 292.00 | 298.00 | 590.00 | OK |
Version: 2.9.3
Check: installed package size
Result: NOTE
installed size is 21.1Mb
sub-directories of 1Mb or more:
doc 1.2Mb
libs 18.8Mb
Flavors: r-oldrel-macos-arm64, r-oldrel-macos-x86_64