Last updated on 2025-11-21 21:49:52 CET.
| Flavor | Version | Tinstall | Tcheck | Ttotal | Status | Flags |
|---|---|---|---|---|---|---|
| r-devel-linux-x86_64-debian-clang | 0.0-2 | 23.25 | 149.23 | 172.48 | NOTE | |
| r-devel-linux-x86_64-debian-gcc | 0.0-2 | 17.18 | 116.35 | 133.53 | NOTE | |
| r-devel-linux-x86_64-fedora-clang | 0.0-2 | 53.00 | 225.17 | 278.17 | NOTE | |
| r-devel-windows-x86_64 | 0.0-2 | 61.00 | 225.00 | 286.00 | NOTE | |
| r-patched-linux-x86_64 | 0.0-2 | 24.60 | 146.80 | 171.40 | NOTE | |
| r-release-linux-x86_64 | 0.0-2 | 23.10 | 146.29 | 169.39 | NOTE | |
| r-release-macos-arm64 | 0.0-2 | NOTE | ||||
| r-release-macos-x86_64 | 0.0-2 | 20.00 | 122.00 | 142.00 | NOTE | |
| r-release-windows-x86_64 | 0.0-2 | 37.00 | 227.00 | 264.00 | NOTE | |
| r-oldrel-macos-arm64 | 0.0-2 | NOTE | ||||
| r-oldrel-macos-x86_64 | 0.0-2 | 16.00 | 97.00 | 113.00 | NOTE | |
| r-oldrel-windows-x86_64 | 0.0-2 | 30.00 | 179.00 | 209.00 | NOTE |
Version: 0.0-2
Check: CRAN incoming feasibility
Result: NOTE
Maintainer: ‘A. C. Del Re <acdelre@gmail.com>’
No Authors@R field in DESCRIPTION.
Please add one, modifying
Authors@R: person(given = c("A.", "C.", "Del"),
family = "Re",
role = c("aut", "cre"),
email = "acdelre@gmail.com")
as necessary.
Package CITATION file contains call(s) to old-style personList() or
as.personList(). Please use c() on person objects instead.
Package CITATION file contains call(s) to old-style citEntry(). Please
use bibentry() instead.
Flavors: r-devel-linux-x86_64-debian-clang, r-devel-linux-x86_64-debian-gcc
Version: 0.0-2
Check: Rd files
Result: NOTE
checkRd: (-1) RcmdrPlugin.MA-package.Rd:21: Escaped LaTeX specials: \&
checkRd: (-1) RcmdrPlugin.MA-package.Rd:23: Escaped LaTeX specials: \&
Flavors: r-devel-linux-x86_64-debian-clang, r-devel-linux-x86_64-debian-gcc, r-devel-linux-x86_64-fedora-clang, r-devel-windows-x86_64, r-patched-linux-x86_64, r-release-linux-x86_64, r-release-macos-arm64, r-release-macos-x86_64, r-release-windows-x86_64, r-oldrel-macos-arm64, r-oldrel-macos-x86_64, r-oldrel-windows-x86_64