Last updated on 2025-10-24 18:50:05 CEST.
| Flavor | Version | Tinstall | Tcheck | Ttotal | Status | Flags |
|---|---|---|---|---|---|---|
| r-devel-linux-x86_64-debian-clang | 0.3-1 | 18.32 | 145.75 | 164.07 | NOTE | |
| r-devel-linux-x86_64-debian-gcc | 0.3-1 | 13.91 | 108.25 | 122.16 | NOTE | |
| r-devel-linux-x86_64-fedora-clang | 0.3-1 | 57.00 | 207.01 | 264.01 | OK | |
| r-devel-linux-x86_64-fedora-gcc | 0.3-1 | 37.00 | 203.76 | 240.76 | OK | |
| r-devel-windows-x86_64 | 0.3-1 | 23.00 | 242.00 | 265.00 | OK | |
| r-patched-linux-x86_64 | 0.3-1 | 15.66 | 139.12 | 154.78 | OK | |
| r-release-linux-x86_64 | 0.3-1 | 16.55 | 135.96 | 152.51 | OK | |
| r-release-macos-arm64 | 0.3-1 | 7.00 | 67.00 | 74.00 | OK | |
| r-release-macos-x86_64 | 0.3-1 | 15.00 | 114.00 | 129.00 | OK | |
| r-release-windows-x86_64 | 0.3-1 | 19.00 | 124.00 | 143.00 | OK | |
| r-oldrel-macos-arm64 | 0.3-1 | 6.00 | 65.00 | 71.00 | OK | |
| r-oldrel-macos-x86_64 | 0.3-1 | 12.00 | 91.00 | 103.00 | OK | |
| r-oldrel-windows-x86_64 | 0.3-1 | 26.00 | 179.00 | 205.00 | OK |
Version: 0.3-1
Check: CRAN incoming feasibility
Result: NOTE
Maintainer: ‘Liviu Andronic <landronimirc@gmail.com>’
No Authors@R field in DESCRIPTION.
Please add one, modifying
Authors@R: person(given = "Liviu",
family = "Andronic",
role = c("aut", "cre"),
email = "landronimirc@gmail.com")
as necessary.
Flavors: r-devel-linux-x86_64-debian-clang, r-devel-linux-x86_64-debian-gcc