Last updated on 2025-11-02 21:49:52 CET.
| Flavor | Version | Tinstall | Tcheck | Ttotal | Status | Flags |
|---|---|---|---|---|---|---|
| r-devel-linux-x86_64-debian-clang | 1.5.0 | 290.67 | 267.71 | 558.38 | OK | |
| r-devel-linux-x86_64-debian-gcc | 1.5.0 | 198.16 | 179.62 | 377.78 | OK | |
| r-devel-linux-x86_64-fedora-clang | 1.5.0 | 1260.00 | 254.50 | 1514.50 | OK | |
| r-devel-linux-x86_64-fedora-gcc | 1.5.0 | 660.00 | 288.71 | 948.71 | OK | |
| r-devel-windows-x86_64 | 1.5.0 | 435.00 | 287.00 | 722.00 | OK | |
| r-patched-linux-x86_64 | 1.5.0 | 278.47 | 259.92 | 538.39 | OK | |
| r-release-linux-x86_64 | 1.5.0 | 280.64 | 263.10 | 543.74 | OK | |
| r-release-macos-arm64 | 1.5.0 | 134.00 | 88.00 | 222.00 | OK | |
| r-release-macos-x86_64 | 1.5.0 | 138.00 | 209.00 | 347.00 | OK | |
| r-release-windows-x86_64 | 1.5.0 | 442.00 | 278.00 | 720.00 | OK | |
| r-oldrel-macos-arm64 | 1.5.0 | 123.00 | 89.00 | 212.00 | NOTE | |
| r-oldrel-macos-x86_64 | 1.5.0 | 149.00 | 216.00 | 365.00 | NOTE | |
| r-oldrel-windows-x86_64 | 1.5.0 | 510.00 | 370.00 | 880.00 | OK |
Version: 1.5.0
Check: installed package size
Result: NOTE
installed size is 28.6Mb
sub-directories of 1Mb or more:
R 2.0Mb
libs 26.1Mb
Flavors: r-oldrel-macos-arm64, r-oldrel-macos-x86_64