CRAN Package Check Results for Package RRTCS

Last updated on 2025-11-01 02:53:07 CET.

Flavor Version Tinstall Tcheck Ttotal Status Flags
r-devel-linux-x86_64-debian-clang 0.0.4 2.63 43.53 46.16 NOTE
r-devel-linux-x86_64-debian-gcc 0.0.4 2.60 33.78 36.38 NOTE
r-devel-linux-x86_64-fedora-clang 0.0.4 71.33 OK
r-devel-linux-x86_64-fedora-gcc 0.0.4 87.54 OK
r-devel-windows-x86_64 0.0.4 5.00 68.00 73.00 OK
r-patched-linux-x86_64 0.0.4 3.66 41.91 45.57 OK
r-release-linux-x86_64 0.0.4 2.73 41.85 44.58 OK
r-release-macos-arm64 0.0.4 2.00 40.00 42.00 OK
r-release-macos-x86_64 0.0.4 4.00 57.00 61.00 OK
r-release-windows-x86_64 0.0.4 6.00 70.00 76.00 OK
r-oldrel-macos-arm64 0.0.4 2.00 32.00 34.00 OK
r-oldrel-macos-x86_64 0.0.4 3.00 45.00 48.00 OK
r-oldrel-windows-x86_64 0.0.4 6.00 79.00 85.00 OK

Check Details

Version: 0.0.4
Check: CRAN incoming feasibility
Result: NOTE Maintainer: ‘Beatriz Cobo Rodríguez <beacr@ugr.es>’ No Authors@R field in DESCRIPTION. Please add one, modifying Authors@R: c(person(given = c("Beatriz", "Cobo"), family = "Rodríguez", role = c("aut", "cre"), email = "beacr@ugr.es"), person(given = c("María", "del", "Mar", "Rueda"), family = "García", role = "aut"), person(given = c("Antonio", "Arcos"), family = "Cebrián", role = "aut")) as necessary. Flavors: r-devel-linux-x86_64-debian-clang, r-devel-linux-x86_64-debian-gcc