CRAN Package Check Results for Package RNeXML

Last updated on 2025-10-22 11:51:23 CEST.

Flavor Version Tinstall Tcheck Ttotal Status Flags
r-devel-linux-x86_64-debian-clang 2.4.11 16.12 156.67 172.79 NOTE
r-devel-linux-x86_64-debian-gcc 2.4.11 11.35 100.51 111.86 NOTE
r-devel-linux-x86_64-fedora-clang 2.4.11 55.00 222.25 277.25 NOTE
r-devel-linux-x86_64-fedora-gcc 2.4.11 56.00 211.23 267.23 NOTE
r-devel-windows-x86_64 2.4.11 20.00 144.00 164.00 NOTE
r-patched-linux-x86_64 2.4.11 15.16 143.58 158.74 NOTE
r-release-linux-x86_64 2.4.11 15.59 145.64 161.23 NOTE
r-release-macos-arm64 2.4.11 9.00 72.00 81.00 NOTE
r-release-macos-x86_64 2.4.11 16.00 145.00 161.00 NOTE
r-release-windows-x86_64 2.4.11 22.00 147.00 169.00 NOTE
r-oldrel-macos-arm64 2.4.11 8.00 70.00 78.00 NOTE
r-oldrel-macos-x86_64 2.4.11 12.00 108.00 120.00 NOTE
r-oldrel-windows-x86_64 2.4.11 27.00 199.00 226.00 NOTE

Check Details

Version: 2.4.11
Check: Rd files
Result: NOTE checkRd: (-1) nexml_get.Rd:30: Lost braces in \itemize; meant \describe ? checkRd: (-1) nexml_get.Rd:31: Lost braces in \itemize; meant \describe ? checkRd: (-1) nexml_get.Rd:32: Lost braces in \itemize; meant \describe ? checkRd: (-1) nexml_get.Rd:33: Lost braces in \itemize; meant \describe ? checkRd: (-1) nexml_get.Rd:34: Lost braces in \itemize; meant \describe ? checkRd: (-1) nexml_get.Rd:35: Lost braces in \itemize; meant \describe ? Flavors: r-devel-linux-x86_64-debian-clang, r-devel-linux-x86_64-debian-gcc, r-devel-linux-x86_64-fedora-clang, r-devel-linux-x86_64-fedora-gcc, r-devel-windows-x86_64, r-patched-linux-x86_64, r-release-linux-x86_64, r-release-macos-arm64, r-release-macos-x86_64, r-release-windows-x86_64, r-oldrel-macos-arm64, r-oldrel-macos-x86_64, r-oldrel-windows-x86_64

Version: 2.4.11
Check: HTML version of manual
Result: NOTE Found the following HTML validation problems: add_characters.html:62:1 (add_characters.Rd:22): Warning: missing </ul> before </div> lcapply.html:51:1 (lcapply.Rd:12): Warning: missing </ul> before </div> Flavors: r-devel-linux-x86_64-debian-clang, r-devel-linux-x86_64-debian-gcc