Last updated on 2025-07-19 08:48:50 CEST.
Flavor | Version | Tinstall | Tcheck | Ttotal | Status | Flags |
---|---|---|---|---|---|---|
r-devel-linux-x86_64-debian-clang | 0.2.1 | 33.12 | 401.59 | 434.71 | OK | |
r-devel-linux-x86_64-debian-gcc | 0.2.1 | 23.97 | 282.95 | 306.92 | OK | |
r-devel-linux-x86_64-fedora-clang | 0.2.1 | 681.21 | OK | |||
r-devel-linux-x86_64-fedora-gcc | 0.2.1 | 663.14 | OK | |||
r-devel-windows-x86_64 | 0.2.1 | 36.00 | 360.00 | 396.00 | OK | |
r-patched-linux-x86_64 | 0.2.1 | 35.31 | 377.92 | 413.23 | OK | |
r-release-linux-x86_64 | 0.2.1 | 34.08 | 378.11 | 412.19 | OK | |
r-release-macos-arm64 | 0.2.1 | 166.00 | OK | |||
r-release-macos-x86_64 | 0.2.1 | 404.00 | OK | |||
r-release-windows-x86_64 | 0.2.1 | 33.00 | 363.00 | 396.00 | OK | |
r-oldrel-macos-arm64 | 0.2.1 | 162.00 | OK | |||
r-oldrel-macos-x86_64 | 0.2.1 | 524.00 | NOTE | |||
r-oldrel-windows-x86_64 | 0.2.1 | 46.00 | 480.00 | 526.00 | OK |
Version: 0.2.1
Check: installed package size
Result: NOTE
installed size is 5.5Mb
sub-directories of 1Mb or more:
data 3.0Mb
doc 2.3Mb
Flavor: r-oldrel-macos-x86_64