Last updated on 2025-10-31 14:49:51 CET.
| Flavor | Version | Tinstall | Tcheck | Ttotal | Status | Flags | 
|---|---|---|---|---|---|---|
| r-devel-linux-x86_64-debian-clang | 0.1.1 | 1.65 | 17.68 | 19.33 | NOTE | |
| r-devel-linux-x86_64-debian-gcc | 0.1.1 | 1.39 | 14.98 | 16.37 | NOTE | |
| r-devel-linux-x86_64-fedora-clang | 0.1.1 | 27.93 | OK | |||
| r-devel-linux-x86_64-fedora-gcc | 0.1.1 | 26.73 | OK | |||
| r-devel-windows-x86_64 | 0.1.1 | 3.00 | 33.00 | 36.00 | OK | |
| r-patched-linux-x86_64 | 0.1.1 | 1.67 | 16.48 | 18.15 | OK | |
| r-release-linux-x86_64 | 0.1.1 | 1.47 | 16.50 | 17.97 | OK | |
| r-release-macos-arm64 | 0.1.1 | 1.00 | 14.00 | 15.00 | OK | |
| r-release-macos-x86_64 | 0.1.1 | 2.00 | 31.00 | 33.00 | OK | |
| r-release-windows-x86_64 | 0.1.1 | 3.00 | 33.00 | 36.00 | OK | |
| r-oldrel-macos-arm64 | 0.1.1 | 1.00 | 12.00 | 13.00 | OK | |
| r-oldrel-macos-x86_64 | 0.1.1 | 2.00 | 25.00 | 27.00 | OK | |
| r-oldrel-windows-x86_64 | 0.1.1 | 2.00 | 33.00 | 35.00 | OK | 
Version: 0.1.1
Check: CRAN incoming feasibility
Result: NOTE
  Maintainer: ‘Carlos Trucios <ctrucios@gmail.com>’
  
  No Authors@R field in DESCRIPTION.
  Please add one, modifying
    Authors@R: person(given = "Carlos",
                      family = "Trucios",
                      role = c("aut", "cre"),
                      email = "ctrucios@gmail.com")
  as necessary.
Flavors: r-devel-linux-x86_64-debian-clang, r-devel-linux-x86_64-debian-gcc