CRAN Package Check Results for Package REPTILE

Last updated on 2025-07-27 01:48:32 CEST.

Flavor Version Tinstall Tcheck Ttotal Status Flags
r-devel-linux-x86_64-debian-clang 1.0 1.55 29.85 31.40 NOTE
r-devel-linux-x86_64-debian-gcc 1.0 1.89 23.50 25.39 NOTE
r-devel-linux-x86_64-fedora-clang 1.0 49.16 OK
r-devel-linux-x86_64-fedora-gcc 1.0 46.05 OK
r-devel-windows-x86_64 1.0 4.00 61.00 65.00 OK
r-patched-linux-x86_64 1.0 2.53 27.81 30.34 OK
r-release-linux-x86_64 1.0 2.30 27.65 29.95 OK
r-release-macos-arm64 1.0 24.00 OK
r-release-macos-x86_64 1.0 34.00 OK
r-release-windows-x86_64 1.0 3.00 52.00 55.00 OK
r-oldrel-macos-arm64 1.0 22.00 OK
r-oldrel-macos-x86_64 1.0 31.00 OK
r-oldrel-windows-x86_64 1.0 5.00 56.00 61.00 OK

Check Details

Version: 1.0
Check: CRAN incoming feasibility
Result: NOTE Maintainer: ‘Yupeng He <yupeng.he.bioinfo@gmail.com>’ No Authors@R field in DESCRIPTION. Please add one, modifying Authors@R: person(given = "Yupeng", family = "He", role = c("aut", "cre"), email = "yupeng.he.bioinfo@gmail.com") as necessary. Flavors: r-devel-linux-x86_64-debian-clang, r-devel-linux-x86_64-debian-gcc