Last updated on 2025-07-21 08:50:14 CEST.
Flavor | Version | Tinstall | Tcheck | Ttotal | Status | Flags |
---|---|---|---|---|---|---|
r-devel-linux-x86_64-debian-clang | 0.6.10 | 81.30 | 55.58 | 136.88 | OK | |
r-devel-linux-x86_64-debian-gcc | 0.6.10 | 66.37 | 39.97 | 106.34 | OK | |
r-devel-linux-x86_64-fedora-clang | 0.6.10 | 263.44 | OK | |||
r-devel-linux-x86_64-fedora-gcc | 0.6.10 | 254.87 | OK | |||
r-devel-windows-x86_64 | 0.6.10 | 119.00 | 102.00 | 221.00 | OK | |
r-patched-linux-x86_64 | 0.6.10 | 87.25 | 51.97 | 139.22 | OK | |
r-release-linux-x86_64 | 0.6.10 | 85.16 | 50.60 | 135.76 | OK | |
r-release-macos-arm64 | 0.6.10 | 68.00 | OK | |||
r-release-macos-x86_64 | 0.6.10 | 79.00 | OK | |||
r-release-windows-x86_64 | 0.6.10 | 129.00 | 90.00 | 219.00 | OK | |
r-oldrel-macos-arm64 | 0.6.10 | 71.00 | NOTE | |||
r-oldrel-macos-x86_64 | 0.6.10 | 99.00 | NOTE | |||
r-oldrel-windows-x86_64 | 0.6.10 | 144.00 | 119.00 | 263.00 | OK |
Version: 0.6.10
Check: installed package size
Result: NOTE
installed size is 13.6Mb
sub-directories of 1Mb or more:
libs 13.3Mb
Flavors: r-oldrel-macos-arm64, r-oldrel-macos-x86_64