Last updated on 2025-10-28 18:50:01 CET.
| Flavor | Version | Tinstall | Tcheck | Ttotal | Status | Flags |
|---|---|---|---|---|---|---|
| r-devel-linux-x86_64-debian-clang | 1.2 | 2.23 | 22.88 | 25.11 | NOTE | |
| r-devel-linux-x86_64-debian-gcc | 1.2 | 1.63 | 18.61 | 20.24 | NOTE | |
| r-devel-linux-x86_64-fedora-clang | 1.2 | 37.69 | NOTE | |||
| r-devel-linux-x86_64-fedora-gcc | 1.2 | 34.85 | NOTE | |||
| r-devel-windows-x86_64 | 1.2 | 3.00 | 42.00 | 45.00 | NOTE | |
| r-patched-linux-x86_64 | 1.2 | 2.17 | 21.53 | 23.70 | NOTE | |
| r-release-linux-x86_64 | 1.2 | 1.97 | 21.31 | 23.28 | NOTE | |
| r-release-macos-arm64 | 1.2 | 1.00 | 13.00 | 14.00 | NOTE | |
| r-release-macos-x86_64 | 1.2 | 2.00 | 24.00 | 26.00 | NOTE | |
| r-release-windows-x86_64 | 1.2 | 4.00 | 45.00 | 49.00 | NOTE | |
| r-oldrel-macos-arm64 | 1.2 | 1.00 | 13.00 | 14.00 | NOTE | |
| r-oldrel-macos-x86_64 | 1.2 | 2.00 | 18.00 | 20.00 | NOTE | |
| r-oldrel-windows-x86_64 | 1.2 | 5.00 | 50.00 | 55.00 | NOTE |
Version: 1.2
Check: Rd files
Result: NOTE
checkRd: (-1) nonlinearAR1.sim.Rd:8: Lost braces; missing escapes or markup?
8 | of the form z_n = g(z_{n-1}) + epsilon. A normal distribution is assumed for the innovations.
| ^
Flavors: r-devel-linux-x86_64-debian-clang, r-devel-linux-x86_64-debian-gcc, r-devel-linux-x86_64-fedora-clang, r-devel-linux-x86_64-fedora-gcc, r-devel-windows-x86_64, r-patched-linux-x86_64, r-release-linux-x86_64, r-release-macos-arm64, r-release-macos-x86_64, r-release-windows-x86_64, r-oldrel-macos-arm64, r-oldrel-macos-x86_64, r-oldrel-windows-x86_64