Last updated on 2025-07-25 13:50:29 CEST.
Flavor | Version | Tinstall | Tcheck | Ttotal | Status | Flags |
---|---|---|---|---|---|---|
r-devel-linux-x86_64-debian-clang | 2.1-23 | 3.91 | 40.97 | 44.88 | NOTE | |
r-devel-linux-x86_64-debian-gcc | 2.1-23 | 2.68 | 31.74 | 34.42 | NOTE | |
r-devel-linux-x86_64-fedora-clang | 2.1-23 | 76.16 | OK | |||
r-devel-linux-x86_64-fedora-gcc | 2.1-23 | 82.30 | OK | |||
r-devel-windows-x86_64 | 2.1-23 | 6.00 | 83.00 | 89.00 | OK | |
r-patched-linux-x86_64 | 2.1-22.1 | 4.34 | 42.71 | 47.05 | NOTE | |
r-release-linux-x86_64 | 2.1-22.1 | 3.47 | 42.44 | 45.91 | NOTE | |
r-release-macos-arm64 | 2.1-22.1 | 39.00 | NOTE | |||
r-release-macos-x86_64 | 2.1-23 | 133.00 | OK | |||
r-release-windows-x86_64 | 2.1-23 | 8.00 | 101.00 | 109.00 | OK | |
r-oldrel-macos-arm64 | 2.1-22.1 | 46.00 | NOTE | |||
r-oldrel-macos-x86_64 | 2.1-23 | 128.00 | NOTE | |||
r-oldrel-windows-x86_64 | 2.1-23 | 8.00 | 90.00 | 98.00 | NOTE |
Version: 2.1-23
Check: R code for possible problems
Result: NOTE
Found the following calls to attach():
File ‘R2WinBUGS/R/attach.all.R’:
attach(x, name = name)
See section ‘Good practice’ in ‘?attach’.
Flavors: r-devel-linux-x86_64-debian-clang, r-devel-linux-x86_64-debian-gcc
Version: 2.1-22.1
Check: R code for possible problems
Result: NOTE
Found the following calls to attach():
File ‘R2WinBUGS/R/attach.all.R’:
attach(x, name = name)
See section ‘Good practice’ in ‘?attach’.
Flavors: r-patched-linux-x86_64, r-release-linux-x86_64
Version: 2.1-22.1
Check: Rd cross-references
Result: NOTE
Unknown package ‘BRugs’ in Rd xrefs
Flavors: r-patched-linux-x86_64, r-release-linux-x86_64, r-release-macos-arm64
Version: 2.1-22.1
Check: package dependencies
Result: NOTE
Package suggested but not available for checking: ‘BRugs’
Flavor: r-oldrel-macos-arm64
Version: 2.1-22.1
Check: Rd cross-references
Result: NOTE
Package unavailable to check Rd xrefs: ‘BRugs’
Flavor: r-oldrel-macos-arm64
Version: 2.1-23
Check: package dependencies
Result: NOTE
Package suggested but not available for checking: ‘BRugs’
Flavors: r-oldrel-macos-x86_64, r-oldrel-windows-x86_64