Last updated on 2025-07-21 02:51:10 CEST.
Flavor | Version | Tinstall | Tcheck | Ttotal | Status | Flags |
---|---|---|---|---|---|---|
r-devel-linux-x86_64-debian-clang | 0.11.0 | 4.78 | 87.11 | 91.89 | OK | |
r-devel-linux-x86_64-debian-gcc | 0.11.0 | 3.11 | 59.37 | 62.48 | ERROR | |
r-devel-linux-x86_64-fedora-clang | 0.11.0 | 154.88 | OK | |||
r-devel-linux-x86_64-fedora-gcc | 0.11.0 | 144.78 | OK | |||
r-devel-windows-x86_64 | 0.11.0 | 8.00 | 179.00 | 187.00 | OK | |
r-patched-linux-x86_64 | 0.11.0 | 4.58 | 80.08 | 84.66 | OK | |
r-release-linux-x86_64 | 0.11.0 | 4.62 | 80.89 | 85.51 | OK | |
r-release-macos-arm64 | 0.11.0 | 79.00 | OK | |||
r-release-macos-x86_64 | 0.11.0 | 139.00 | OK | |||
r-release-windows-x86_64 | 0.11.0 | 8.00 | 176.00 | 184.00 | OK | |
r-oldrel-macos-arm64 | 0.11.0 | 79.00 | OK | |||
r-oldrel-macos-x86_64 | 0.11.0 | 168.00 | OK | |||
r-oldrel-windows-x86_64 | 0.11.0 | 9.00 | 202.00 | 211.00 | OK |
Version: 0.11.0
Check: tests
Result: ERROR
Running ‘run-all.R’ [13s/32s]
Running ‘testthat.R’ [13s/31s]
Running the tests in ‘tests/run-all.R’ failed.
Complete output:
> library(testthat)
>
> test_check("ProjectTemplate")
Loading required package: ProjectTemplate
Loading required package: digest
Loading required package: tibble
Project name: test_project28d5fa71977906
Loading project configuration
Autoloading helper functions
Running helper script: globals.R
Running helper script: helpers.R
Autoloading data
Munging data
Running preprocessing script: 01-A.R
Sourcing R script: 01-A.R
Objects to clear from memory: config helper.function project.info
Project name: test_project28d5fa2a5cdfcf
Loading project configuration
Autoloading helper functions
Running helper script: globals.R
Running helper script: helpers.R
Autoloading data
Munging data
Running preprocessing script: 01-A.R
Sourcing R script: 01-A.R
Objects to clear from memory: config helper.function project.info
Project name: test_project28d5fa3f7a8c34
Loading project configuration
Autoloading helper functions
Running helper script: globals.R
Running helper script: helpers.R
Autoloading data
Munging data
Running preprocessing script: 01-A.R
Sourcing R script: 01-A.R
Configuration for project: test_project28d5fa3f7a8c34
version 0.11.0
data_loading TRUE
data_loading_header TRUE
data_ignore
cache_loading TRUE
recursive_loading FALSE
munging TRUE
logging FALSE
logging_level INFO
load_libraries FALSE
libraries reshape2, plyr, tidyverse, stringr, lubridate
as_factors FALSE
tables_type tibble
attach_internal_libraries FALSE
cache_loaded_data TRUE
sticky_variables NONE
underscore_variables TRUE
cache_file_format RData
dummy 999
Configuration for project: test_project28d5fa3f7a8c34
version 0.11.0
data_loading TRUE
data_loading_header TRUE
data_ignore
cache_loading TRUE
recursive_loading FALSE
munging TRUE
logging FALSE
logging_level INFO
load_libraries FALSE
libraries reshape2, plyr, tidyverse, stringr, lubridate
as_factors FALSE
tables_type tibble
attach_internal_libraries FALSE
cache_loaded_data TRUE
sticky_variables NONE
underscore_variables TRUE
cache_file_format RData
Additional custom config present for this project:
Objects to clear from memory: config helper.function project.info
Project name: test_project28d5fa29e5e128
Loading project configuration
Autoloading helper functions
Running helper script: globals.R
Running helper script: foo.reader.R
Running helper script: helpers.R
Autoloading data
Loading data set: example
Creating cache entry from global environment: example
Munging data
Running preprocessing script: 01-A.R
Sourcing R script: 01-A.R
Creating cache entry from global environment: xxxx
Creating cache entry from global environment: xxxx
Creating cache entry from global environment: xxxx
Loading project configuration
Autoloading helper functions
Running helper script: globals.R
Running helper script: helpers.R
Autoloading data
Munging data
Running preprocessing script: 01-A.R
Sourcing R script: 01-A.R
Following objects not in memory:
Objects to clear from memory: xxxx
Project name: test_project28d5fa1d048985
Loading project configuration
Autoloading helper functions
Running helper script: globals.R
Running helper script: helpers.R
Autoloading data
Munging data
Running preprocessing script: 01-A.R
Sourcing R script: 01-A.R
Objects to clear from memory: helper.function project.info
Clearing cache for project: test_project28d5fa1d048985
Clearing cache for project: test_project28d5fa2fe9081d
Objects to clear from memory: xxx
Project name: test_project28d5fa2fe9081d
Loading project configuration
Autoloading helper functions
Running helper script: globals.R
Running helper script: helpers.R
Autoloading data
Munging data
Running preprocessing script: 01-A.R
Sourcing R script: 01-A.R
Creating cache entry from CODE: xxxx
Objects to clear from memory: config project.info
Objects to clear from memory: project.info
Objects to clear from memory: yyy
Following objects not in memory: xxx
Following objects not in memory: xxx
Variables not cleared: config
No objects to clear
Objects to clear from memory: .yyy helper.function project.info
Project name: test_project28d5faf70c48a
Loading project configuration
Autoloading helper functions
Running helper script: globals.R
Running helper script: helpers.R
Autoloading data
Munging data
Running preprocessing script: 01-A.R
Sourcing R script: 01-A.R
Project name: test_project28d5faf70c48a
Loading project configuration
Autoloading helper functions
Running helper script: globals.R
Running helper script: helpers.R
Autoloading data
Munging data
Running preprocessing script: 01-A.R
Sourcing R script: 01-A.R
Configuration for project: test_project28d5fa6841d04d
Project name: test_project28d5fa2566c12c
Loading project configuration
Autoloading helper functions
Running helper script: globals.R
Running helper script: helpers.R
Autoloading data
Munging data
Running preprocessing script: 01-A.R
Sourcing R script: 01-A.R
Project name: test_project28d5fa31b5a458
Loading project configuration
Autoloading helper functions
Running helper script: globals.R
Running helper script: helpers.R
Autoloading data
Munging data
Running preprocessing script: 01-A.R
Sourcing R script: 01-A.R
== Testing 1.R =================================================================
[ FAIL 0 | WARN 0 | SKIP 0 | PASS 0 ]
[ FAIL 0 | WARN 0 | SKIP 0 | PASS 0 ]
[ FAIL 0 | WARN 0 | SKIP 0 | PASS 1 ] Done!
== Testing 1.R =================================================================
[ FAIL 0 | WARN 0 | SKIP 0 | PASS 0 ]
[ FAIL 0 | WARN 0 | SKIP 0 | PASS 0 ]
[ FAIL 0 | WARN 0 | SKIP 0 | PASS 1 ] Done!
Current Directory: test_project28d5fa1bcc94d3 is a ProjectTemplate directory
Cannot create a new project inside an existing one
Please change to another directory and re-run create.project()
Directory: test_project28d5fa1bcc94d3 is a ProjectTemplate directory
Cannot create a new project inside an existing one
Please change to another directory and re-run create.project()
Directory: test_project228d5fa5bc6022a is a ProjectTemplate directory
Cannot create a new project inside an existing one
Please change to another directory and re-run create.project()
Objects to clear from memory: config helper.function project.info
No objects to clear
Objects to clear from memory: config file28d5fa174e29d7 helper.function project.info
Creating cache entry from CODE: test_data
Current Directory: test_project28d5fa680e1f8b is not a valid ProjectTemplate directory because one or more mandatory directories are missing. If you believe you are in a ProjectTemplate directory and seeing this message in error, try running migrate.project(). migrate.project() will ensure the ProjectTemplate structure is consistent with your version of ProjectTemplate.
Please change to correct directory and re-run load.project()
Current Directory: test_project28d5fa680e1f8b is not a valid ProjectTemplate directory because one or more mandatory directories are missing. If you believe you are in a ProjectTemplate directory and seeing this message in error, try running migrate.project(). migrate.project() will ensure the ProjectTemplate structure is consistent with your version of ProjectTemplate.
Change to a valid ProjectTemplate directory and run clear.cache() again.
Current Directory: test_project28d5fa680e1f8b is not a valid ProjectTemplate directory because one or more mandatory directories are missing. If you believe you are in a ProjectTemplate directory and seeing this message in error, try running migrate.project(). migrate.project() will ensure the ProjectTemplate structure is consistent with your version of ProjectTemplate.
Change to a valid ProjectTemplate directory and run cache() again.
Current Directory: test_project28d5fa680e1f8b is not a valid ProjectTemplate directory because one or more mandatory directories are missing. If you believe you are in a ProjectTemplate directory and seeing this message in error, try running migrate.project(). migrate.project() will ensure the ProjectTemplate structure is consistent with your version of ProjectTemplate.
Change to a valid ProjectTemplate directory and run reload.project() again.
Current Directory: test_project28d5fa680e1f8b is not a valid ProjectTemplate directory because one or more mandatory directories are missing. If you believe you are in a ProjectTemplate directory and seeing this message in error, try running migrate.project(). migrate.project() will ensure the ProjectTemplate structure is consistent with your version of ProjectTemplate.
Change to a valid ProjectTemplate directory and run test.project() again.
Current Directory: test_project28d5fa680e1f8b is not a valid ProjectTemplate directory because one or more mandatory directories are missing. If you believe you are in a ProjectTemplate directory and seeing this message in error, try running migrate.project(). migrate.project() will ensure the ProjectTemplate structure is consistent with your version of ProjectTemplate.
Change to a valid ProjectTemplate directory and run stub.tests() again.
Current Directory: test_project28d5fa680e1f8b is not a valid ProjectTemplate directory because one or more mandatory directories are missing. If you believe you are in a ProjectTemplate directory and seeing this message in error, try running migrate.project(). migrate.project() will ensure the ProjectTemplate structure is consistent with your version of ProjectTemplate.
Please change to correct directory and re-run project.config()
Project name: test_project28d5fa6305735
Loading project configuration
Autoloading helper functions
Running helper script: globals.R
Running helper script: helpers.R
Autoloading data
Loading data set: Thumbs
Loading required namespace: RSQLite
Creating cache entry from global environment: var_to_cache
Loading required package: data.table
Error in python_config_impl(python) :
Error running '/tmp/check-CRAN-regular-hornik/cache/R/reticulate/uv/cache/builds-v0/.tmpKQLxhn/bin/python': No such file.
Migrating project configuration
[1] FALSE
Your existing project configuration in globals.dcf does not contain up to
date configuration settings in this version 0.11.0 of ProjectTemplate. They will
be added automatically during migration, but you should review afterward.
version, data_loading_header, data_ignore, logging_level, tables_type, attach_internal_libraries, cache_loaded_data, sticky_variables, underscore_variables, cache_file_format
There is a new config item called cache_loaded_data which auto-caches data
after it has been loaded from the data directory. This has been switched
off for this project in case it breaks your scripts. However you can switch
it on manually by editing global.dcf
data_tables has been renamed tables_type. It can take the value 'tibble',
'data_table', or 'data_frame. If data_tables is TRUE, tables_type will be
set to 'data_table', otherwise the default 'data_frame' will be used. if you
wish a different default set it manually by editing global.dcf. Future new
projects will use 'tibble' by default.
Migrating project configuration
[1] FALSE
Your existing project configuration in globals.dcf does not contain up to
date configuration settings in this version 0.11.0 of ProjectTemplate. They will
be added automatically during migration, but you should review afterward.
data_loading_header, data_ignore, logging_level, tables_type, attach_internal_libraries, cache_loaded_data, sticky_variables, underscore_variables, cache_file_format
There is a new config item called cache_loaded_data which auto-caches data
after it has been loaded from the data directory. This has been switched
off for this project in case it breaks your scripts. However you can switch
it on manually by editing global.dcf
data_tables has been renamed tables_type. It can take the value 'tibble',
'data_table', or 'data_frame. If data_tables is TRUE, tables_type will be
set to 'data_table', otherwise the default 'data_frame' will be used. if you
wish a different default set it manually by editing global.dcf. Future new
projects will use 'tibble' by default.
Migrating project configuration
[1] FALSE
Migrating project configuration
[1] FALSE
Your existing project configuration in globals.dcf does not contain up to
date configuration settings in this version 0.11.0 of ProjectTemplate. They will
be added automatically during migration, but you should review afterward.
Your config.dcf file was missing entries and defaults
have been used. The missing entries are:
cache_loaded_data
Migrating project configuration
[1] FALSE
Your existing project configuration in globals.dcf does not contain up to
date configuration settings in this version 0.11.0 of ProjectTemplate. They will
be added automatically during migration, but you should review afterward.
Migrating project configuration
[1] FALSE
Your existing project configuration in globals.dcf does not contain up to
date configuration settings in this version 0.11.0 of ProjectTemplate. They will
be added automatically during migration, but you should review afterward.
Your config.dcf file was missing entries and defaults
have been used. The missing entries are:
Migrating project configuration
[1] FALSE
Your existing project configuration in globals.dcf does not contain up to
date configuration settings in this version 0.11.0 of ProjectTemplate. They will
be added automatically during migration, but you should review afterward.
Your config.dcf file contained unused entries which have been
removed. The unused entries are:
Migrating project configuration
[1] FALSE
Migrating project configuration
[1] TRUE
Migrating project configuration
[1] FALSE
Your existing project configuration in globals.dcf does not contain up to
date configuration settings in this version 0.11.0 of ProjectTemplate. They will
be added automatically during migration, but you should review afterward.
Your config.dcf file was missing entries and defaults
have been used. The missing entries are:
tables_type
Migrating project configuration
[1] FALSE
Your existing project configuration in globals.dcf does not contain up to
date configuration settings in this version 0.11.0 of ProjectTemplate. They will
be added automatically during migration, but you should review afterward.
Your config.dcf file was missing entries and defaults
have been used. The missing entries are:
tables_type
Project name: test_project28d5fa58a16738
Loading project configuration
Autoloading helper functions
Running helper script: globals.R
Running helper script: helpers.R
Autoloading data
Munging data
Running preprocessing script: 01-A.R
Sourcing R script: 01-A.R
Objects to clear from memory: .Random.seed config helper.function project.info
Project name: test_project28d5fa78fd698d
Loading project configuration
Autoloading helper functions
Running helper script: globals.R
Running helper script: helpers.R
Autoloading data
Munging data
Running preprocessing script: 01-A.R
Sourcing R script: 01-A.R
Project name: test_project28d5fa78fd698d
Loading project configuration
Autoloading helper functions
Running helper script: globals.R
Running helper script: helpers.R
Autoloading data
Munging data
Running preprocessing script: 01-A.R
Sourcing R script: 01-A.R
Objects to clear from memory: config helper.function project.info
Project name: test_project28d5fa37abaf4a
Loading project configuration
Autoloading helper functions
Running helper script: globals.R
Running helper script: helpers.R
Autoloading data
Munging data
Running preprocessing script: 01-A.R
Sourcing R script: 01-A.R
Project name: test_project28d5fa37abaf4a
Loading project configuration
Autoloading helper functions
Running helper script: globals.R
Running helper script: helpers.R
Autoloading data
Munging data
Running preprocessing script: 01-A.R
Sourcing R script: 01-A.R
Objects to clear from memory: config helper.function project.info
Project name: test_project28d5fa16932070
Loading project configuration
Autoloading helper functions
Running helper script: globals.R
Running helper script: helpers.R
Autoloading data
Munging data
Running preprocessing script: 01-A.R
Sourcing R script: 01-A.R
Project name: test_project28d5fa16932070
Loading project configuration
Autoloading helper functions
Running helper script: globals.R
Running helper script: helpers.R
Autoloading data
Munging data
Running preprocessing script: 01-A.R
Sourcing R script: 01-A.R
Objects to clear from memory: config helper.function project.info
Project name: test_project28d5fa6c894b4e
Loading project configuration
Autoloading helper functions
Running helper script: globals.R
Running helper script: helpers.R
Autoloading data
Munging data
Running preprocessing script: 01-A.R
Sourcing R script: 01-A.R
Objects to clear from memory: config helper.function project.info
Project name: test_project28d5fa171f6917
Loading project configuration
Autoloading helper functions
Running helper script: globals.R
Running helper script: helpers.R
Autoloading data
Munging data
Running preprocessing script: 01-A.R
Sourcing R script: 01-A.R
Project name: test_project28d5fa171f6917
Loading project configuration
Autoloading helper functions
Running helper script: globals.R
Running helper script: helpers.R
Autoloading data
Objects to clear from memory: config helper.function project.info
Project name: test_project28d5fa5f26411a
Loading project configuration
Autoloading helper functions
Running helper script: globals.R
Running helper script: helpers.R
Autoloading data
Munging data
Running preprocessing script: 01-A.R
Sourcing R script: 01-A.R
Project name: test_project28d5fa5f26411a
Loading project configuration
Autoloading helper functions
Running helper script: globals.R
Running helper script: helpers.R
Autoloading data
Munging data
Running preprocessing script: 01-A.R
Sourcing R script: 01-A.R
Objects to clear from memory: config helper.function project.info
Project name: test_project28d5fa1e4d99e8
Loading project configuration
Autoloading helper functions
Running helper script: globals.R
Running helper script: helpers.R
Autoloading data
Munging data
Running preprocessing script: 01-A.R
Sourcing R script: 01-A.R
Project name: test_project28d5fa1e4d99e8
Loading project configuration
Autoloading helper functions
Running helper script: globals.R
Running helper script: helpers.R
Autoloading data
Objects to clear from memory: config helper.function project.info
Project name: test_project28d5fa1b34a23f
Loading project configuration
Autoloading helper functions
Running helper script: globals.R
Running helper script: helpers.R
Autoloading data
Munging data
Running preprocessing script: 01-A.R
Sourcing R script: 01-A.R
Project name: test_project28d5fa1b34a23f
Loading project configuration
Objects to clear from memory: config helper.function project.info
Project name: test_project28d5fa43130479
Loading project configuration
Autoloading helper functions
Running helper script: globals.R
Running helper script: helpers.R
Autoloading data
Munging data
Running preprocessing script: 01-A.R
Sourcing R script: 01-A.R
Project name: test_project28d5fa43130479
Loading project configuration
Autoloading helper functions
Running helper script: globals.R
Running helper script: helpers.R
Autoloading data
Munging data
Running preprocessing script: 01-A.R
Sourcing R script: 01-A.R
Objects to clear from memory: config helper.function project.info
Loading required package: qs
qs 0.27.3. Announcement: https://github.com/qsbase/qs/issues/103
Creating cache entry from global environment: cache.qs
Creating cache entry from global environment: xxxx
Creating cache entry from global environment: xxxx
Creating cache entry from global environment: xxxx
Migrating project configuration
[1] FALSE
Your existing project configuration in globals.dcf does not contain up to
date configuration settings in this version 0.11.0 of ProjectTemplate. They will
be added automatically during migration, but you should review afterward.
Your config.dcf file was missing entries and defaults
have been used. The missing entries are:
cache_loaded_data
Loading table: example_30a
Loading table: example_30b
Loading table: example_31a
Loading table: example_31b
Loading table: example_28
re-encoding from CP1252
re-encoding from CP1252
Objects to clear from memory: .Random.seed config helper.function project.info test test_data12 test_data22
Objects to clear from memory: config helper.function project.info
Items in cache will not be cleared
Use reload.project(reset=TRUE) to clear cache also
Objects to clear from memory: helper.function project.info z
Reloading Project ...
Project name: test_project28d5fa7ec54939
Loading project configuration
Autoloading helper functions
Running helper script: globals.R
Running helper script: helpers.R
Autoloading data
Loading cached data set: z
Munging data
Running preprocessing script: 01-A.R
Sourcing R script: 01-A.R
Objects to clear from memory: config helper.function project.info x y z
Project name: test_project28d5fab16329c
Loading project configuration
Autoloading data
Munging data
Running preprocessing script: 01-A.R
Sourcing R script: 01-A.R
Project name: test_project28d5fa45bf95
Loading project configuration
Autoloading helper functions
Running helper script: globals.R
Running helper script: helpers.R
Autoloading data
Munging data
Running preprocessing script: 01-A.R
Sourcing R script: 01-A.R
Project name: test_project28d5fa5b64a614
Loading project configuration
Autoloading helper functions
Running helper script: globals.R
Running helper script: helpers.R
Autoloading data
Loading data set: file_not_in_full_template
Translating data.frame to tibble: file_not_in_full_template
Creating cache entry from global environment: file_not_in_full_template
Munging data
Running preprocessing script: 01-A.R
Sourcing R script: 01-A.R
[1] FALSE
[ FAIL 1 | WARN 216 | SKIP 0 | PASS 901 ]
══ Failed tests ════════════════════════════════════════════════════════════════
── Error ('test-load.R:447:3'): pass munge files to run ────────────────────────
Error: Installation of Python not found, Python bindings not loaded.
See the Python "Order of Discovery" here: https://rstudio.github.io/reticulate/articles/versions.html#order-of-discovery.
Backtrace:
▆
1. ├─base::suppressMessages(load.project()) at test-load.R:447:3
2. │ └─base::withCallingHandlers(...)
3. └─ProjectTemplate::load.project()
4. └─ProjectTemplate:::.munge.data(config, my.project.info)
5. └─reticulate::source_python(file.path(dir_name, preprocessing.script))
6. └─reticulate::py_run_file(file, local = FALSE, convert = convert)
7. └─reticulate:::ensure_python_initialized()
8. └─reticulate:::initialize_python()
9. └─reticulate (local) python_not_found("Installation of Python not found, Python bindings not loaded.")
[ FAIL 1 | WARN 216 | SKIP 0 | PASS 901 ]
Error: Test failures
Execution halted
Running the tests in ‘tests/testthat.R’ failed.
Complete output:
> # This file is part of the standard setup for testthat.
> # It is recommended that you do not modify it.
> #
> # Where should you do additional test configuration?
> # Learn more about the roles of various files in:
> # * https://r-pkgs.org/testing-design.html#sec-tests-files-overview
> # * https://testthat.r-lib.org/articles/special-files.html
>
> library(testthat)
> library(ProjectTemplate)
Loading required package: digest
Loading required package: tibble
>
> test_check("ProjectTemplate")
Project name: test_project295a3c5fae249
Loading project configuration
Autoloading helper functions
Running helper script: globals.R
Running helper script: helpers.R
Autoloading data
Munging data
Running preprocessing script: 01-A.R
Sourcing R script: 01-A.R
Objects to clear from memory: config helper.function project.info
Project name: test_project295a3c649f0116
Loading project configuration
Autoloading helper functions
Running helper script: globals.R
Running helper script: helpers.R
Autoloading data
Munging data
Running preprocessing script: 01-A.R
Sourcing R script: 01-A.R
Objects to clear from memory: config helper.function project.info
Project name: test_project295a3c1745edea
Loading project configuration
Autoloading helper functions
Running helper script: globals.R
Running helper script: helpers.R
Autoloading data
Munging data
Running preprocessing script: 01-A.R
Sourcing R script: 01-A.R
Configuration for project: test_project295a3c1745edea
version 0.11.0
data_loading TRUE
data_loading_header TRUE
data_ignore
cache_loading TRUE
recursive_loading FALSE
munging TRUE
logging FALSE
logging_level INFO
load_libraries FALSE
libraries reshape2, plyr, tidyverse, stringr, lubridate
as_factors FALSE
tables_type tibble
attach_internal_libraries FALSE
cache_loaded_data TRUE
sticky_variables NONE
underscore_variables TRUE
cache_file_format RData
dummy 999
Configuration for project: test_project295a3c1745edea
version 0.11.0
data_loading TRUE
data_loading_header TRUE
data_ignore
cache_loading TRUE
recursive_loading FALSE
munging TRUE
logging FALSE
logging_level INFO
load_libraries FALSE
libraries reshape2, plyr, tidyverse, stringr, lubridate
as_factors FALSE
tables_type tibble
attach_internal_libraries FALSE
cache_loaded_data TRUE
sticky_variables NONE
underscore_variables TRUE
cache_file_format RData
Additional custom config present for this project:
Objects to clear from memory: config helper.function project.info
Project name: test_project295a3c4f3016b0
Loading project configuration
Autoloading helper functions
Running helper script: globals.R
Running helper script: foo.reader.R
Running helper script: helpers.R
Autoloading data
Loading data set: example
Creating cache entry from global environment: example
Munging data
Running preprocessing script: 01-A.R
Sourcing R script: 01-A.R
Creating cache entry from global environment: xxxx
Creating cache entry from global environment: xxxx
Creating cache entry from global environment: xxxx
Loading project configuration
Autoloading helper functions
Running helper script: globals.R
Running helper script: helpers.R
Autoloading data
Munging data
Running preprocessing script: 01-A.R
Sourcing R script: 01-A.R
Following objects not in memory:
Objects to clear from memory: xxxx
Project name: test_project295a3c6f5d8278
Loading project configuration
Autoloading helper functions
Running helper script: globals.R
Running helper script: helpers.R
Autoloading data
Munging data
Running preprocessing script: 01-A.R
Sourcing R script: 01-A.R
Objects to clear from memory: helper.function project.info
Clearing cache for project: test_project295a3c6f5d8278
Clearing cache for project: test_project295a3c50c7e07f
Objects to clear from memory: xxx
Project name: test_project295a3c50c7e07f
Loading project configuration
Autoloading helper functions
Running helper script: globals.R
Running helper script: helpers.R
Autoloading data
Munging data
Running preprocessing script: 01-A.R
Sourcing R script: 01-A.R
Creating cache entry from CODE: xxxx
Objects to clear from memory: config project.info
Objects to clear from memory: project.info
Objects to clear from memory: yyy
Following objects not in memory: xxx
Following objects not in memory: xxx
Variables not cleared: config
No objects to clear
Objects to clear from memory: .yyy helper.function project.info
Project name: test_project295a3c5da58639
Loading project configuration
Autoloading helper functions
Running helper script: globals.R
Running helper script: helpers.R
Autoloading data
Munging data
Running preprocessing script: 01-A.R
Sourcing R script: 01-A.R
Project name: test_project295a3c5da58639
Loading project configuration
Autoloading helper functions
Running helper script: globals.R
Running helper script: helpers.R
Autoloading data
Munging data
Running preprocessing script: 01-A.R
Sourcing R script: 01-A.R
Configuration for project: test_project295a3c48f54e69
Project name: test_project295a3c5aaadf25
Loading project configuration
Autoloading helper functions
Running helper script: globals.R
Running helper script: helpers.R
Autoloading data
Munging data
Running preprocessing script: 01-A.R
Sourcing R script: 01-A.R
Project name: test_project295a3c1c30c65f
Loading project configuration
Autoloading helper functions
Running helper script: globals.R
Running helper script: helpers.R
Autoloading data
Munging data
Running preprocessing script: 01-A.R
Sourcing R script: 01-A.R
== Testing 1.R =================================================================
[ FAIL 0 | WARN 0 | SKIP 0 | PASS 0 ]
[ FAIL 0 | WARN 0 | SKIP 0 | PASS 0 ]
[ FAIL 0 | WARN 0 | SKIP 0 | PASS 1 ] Done!
== Testing 1.R =================================================================
[ FAIL 0 | WARN 0 | SKIP 0 | PASS 0 ]
[ FAIL 0 | WARN 0 | SKIP 0 | PASS 0 ]
[ FAIL 0 | WARN 0 | SKIP 0 | PASS 1 ] Done!
Current Directory: test_project295a3c7c31fc9a is a ProjectTemplate directory
Cannot create a new project inside an existing one
Please change to another directory and re-run create.project()
Directory: test_project295a3c7c31fc9a is a ProjectTemplate directory
Cannot create a new project inside an existing one
Please change to another directory and re-run create.project()
Directory: test_project2295a3c66590b6 is a ProjectTemplate directory
Cannot create a new project inside an existing one
Please change to another directory and re-run create.project()
Objects to clear from memory: config helper.function project.info
No objects to clear
Objects to clear from memory: config file295a3c15838076 helper.function project.info
Creating cache entry from CODE: test_data
Current Directory: test_project295a3c4251f931 is not a valid ProjectTemplate directory because one or more mandatory directories are missing. If you believe you are in a ProjectTemplate directory and seeing this message in error, try running migrate.project(). migrate.project() will ensure the ProjectTemplate structure is consistent with your version of ProjectTemplate.
Please change to correct directory and re-run load.project()
Current Directory: test_project295a3c4251f931 is not a valid ProjectTemplate directory because one or more mandatory directories are missing. If you believe you are in a ProjectTemplate directory and seeing this message in error, try running migrate.project(). migrate.project() will ensure the ProjectTemplate structure is consistent with your version of ProjectTemplate.
Change to a valid ProjectTemplate directory and run clear.cache() again.
Current Directory: test_project295a3c4251f931 is not a valid ProjectTemplate directory because one or more mandatory directories are missing. If you believe you are in a ProjectTemplate directory and seeing this message in error, try running migrate.project(). migrate.project() will ensure the ProjectTemplate structure is consistent with your version of ProjectTemplate.
Change to a valid ProjectTemplate directory and run cache() again.
Current Directory: test_project295a3c4251f931 is not a valid ProjectTemplate directory because one or more mandatory directories are missing. If you believe you are in a ProjectTemplate directory and seeing this message in error, try running migrate.project(). migrate.project() will ensure the ProjectTemplate structure is consistent with your version of ProjectTemplate.
Change to a valid ProjectTemplate directory and run reload.project() again.
Current Directory: test_project295a3c4251f931 is not a valid ProjectTemplate directory because one or more mandatory directories are missing. If you believe you are in a ProjectTemplate directory and seeing this message in error, try running migrate.project(). migrate.project() will ensure the ProjectTemplate structure is consistent with your version of ProjectTemplate.
Change to a valid ProjectTemplate directory and run test.project() again.
Current Directory: test_project295a3c4251f931 is not a valid ProjectTemplate directory because one or more mandatory directories are missing. If you believe you are in a ProjectTemplate directory and seeing this message in error, try running migrate.project(). migrate.project() will ensure the ProjectTemplate structure is consistent with your version of ProjectTemplate.
Change to a valid ProjectTemplate directory and run stub.tests() again.
Current Directory: test_project295a3c4251f931 is not a valid ProjectTemplate directory because one or more mandatory directories are missing. If you believe you are in a ProjectTemplate directory and seeing this message in error, try running migrate.project(). migrate.project() will ensure the ProjectTemplate structure is consistent with your version of ProjectTemplate.
Please change to correct directory and re-run project.config()
Project name: test_project295a3c508ac491
Loading project configuration
Autoloading helper functions
Running helper script: globals.R
Running helper script: helpers.R
Autoloading data
Loading data set: Thumbs
Loading required namespace: RSQLite
Creating cache entry from global environment: var_to_cache
Loading required package: data.table
Error in python_config_impl(python) :
Error running '/tmp/check-CRAN-regular-hornik/cache/R/reticulate/uv/cache/builds-v0/.tmpX1LscD/bin/python': No such file.
Migrating project configuration
[1] FALSE
Your existing project configuration in globals.dcf does not contain up to
date configuration settings in this version 0.11.0 of ProjectTemplate. They will
be added automatically during migration, but you should review afterward.
version, data_loading_header, data_ignore, logging_level, tables_type, attach_internal_libraries, cache_loaded_data, sticky_variables, underscore_variables, cache_file_format
There is a new config item called cache_loaded_data which auto-caches data
after it has been loaded from the data directory. This has been switched
off for this project in case it breaks your scripts. However you can switch
it on manually by editing global.dcf
data_tables has been renamed tables_type. It can take the value 'tibble',
'data_table', or 'data_frame. If data_tables is TRUE, tables_type will be
set to 'data_table', otherwise the default 'data_frame' will be used. if you
wish a different default set it manually by editing global.dcf. Future new
projects will use 'tibble' by default.
Migrating project configuration
[1] FALSE
Your existing project configuration in globals.dcf does not contain up to
date configuration settings in this version 0.11.0 of ProjectTemplate. They will
be added automatically during migration, but you should review afterward.
data_loading_header, data_ignore, logging_level, tables_type, attach_internal_libraries, cache_loaded_data, sticky_variables, underscore_variables, cache_file_format
There is a new config item called cache_loaded_data which auto-caches data
after it has been loaded from the data directory. This has been switched
off for this project in case it breaks your scripts. However you can switch
it on manually by editing global.dcf
data_tables has been renamed tables_type. It can take the value 'tibble',
'data_table', or 'data_frame. If data_tables is TRUE, tables_type will be
set to 'data_table', otherwise the default 'data_frame' will be used. if you
wish a different default set it manually by editing global.dcf. Future new
projects will use 'tibble' by default.
Migrating project configuration
[1] FALSE
Migrating project configuration
[1] FALSE
Your existing project configuration in globals.dcf does not contain up to
date configuration settings in this version 0.11.0 of ProjectTemplate. They will
be added automatically during migration, but you should review afterward.
Your config.dcf file was missing entries and defaults
have been used. The missing entries are:
cache_loaded_data
Migrating project configuration
[1] FALSE
Your existing project configuration in globals.dcf does not contain up to
date configuration settings in this version 0.11.0 of ProjectTemplate. They will
be added automatically during migration, but you should review afterward.
Migrating project configuration
[1] FALSE
Your existing project configuration in globals.dcf does not contain up to
date configuration settings in this version 0.11.0 of ProjectTemplate. They will
be added automatically during migration, but you should review afterward.
Your config.dcf file was missing entries and defaults
have been used. The missing entries are:
Migrating project configuration
[1] FALSE
Your existing project configuration in globals.dcf does not contain up to
date configuration settings in this version 0.11.0 of ProjectTemplate. They will
be added automatically during migration, but you should review afterward.
Your config.dcf file contained unused entries which have been
removed. The unused entries are:
Migrating project configuration
[1] FALSE
Migrating project configuration
[1] TRUE
Migrating project configuration
[1] FALSE
Your existing project configuration in globals.dcf does not contain up to
date configuration settings in this version 0.11.0 of ProjectTemplate. They will
be added automatically during migration, but you should review afterward.
Your config.dcf file was missing entries and defaults
have been used. The missing entries are:
tables_type
Migrating project configuration
[1] FALSE
Your existing project configuration in globals.dcf does not contain up to
date configuration settings in this version 0.11.0 of ProjectTemplate. They will
be added automatically during migration, but you should review afterward.
Your config.dcf file was missing entries and defaults
have been used. The missing entries are:
tables_type
Project name: test_project295a3c6f211f12
Loading project configuration
Autoloading helper functions
Running helper script: globals.R
Running helper script: helpers.R
Autoloading data
Munging data
Running preprocessing script: 01-A.R
Sourcing R script: 01-A.R
Objects to clear from memory: .Random.seed config helper.function project.info
Project name: test_project295a3c3c450447
Loading project configuration
Autoloading helper functions
Running helper script: globals.R
Running helper script: helpers.R
Autoloading data
Munging data
Running preprocessing script: 01-A.R
Sourcing R script: 01-A.R
Project name: test_project295a3c3c450447
Loading project configuration
Autoloading helper functions
Running helper script: globals.R
Running helper script: helpers.R
Autoloading data
Munging data
Running preprocessing script: 01-A.R
Sourcing R script: 01-A.R
Objects to clear from memory: config helper.function project.info
Project name: test_project295a3c3c33695f
Loading project configuration
Autoloading helper functions
Running helper script: globals.R
Running helper script: helpers.R
Autoloading data
Munging data
Running preprocessing script: 01-A.R
Sourcing R script: 01-A.R
Project name: test_project295a3c3c33695f
Loading project configuration
Autoloading helper functions
Running helper script: globals.R
Running helper script: helpers.R
Autoloading data
Munging data
Running preprocessing script: 01-A.R
Sourcing R script: 01-A.R
Objects to clear from memory: config helper.function project.info
Project name: test_project295a3c75ee224e
Loading project configuration
Autoloading helper functions
Running helper script: globals.R
Running helper script: helpers.R
Autoloading data
Munging data
Running preprocessing script: 01-A.R
Sourcing R script: 01-A.R
Project name: test_project295a3c75ee224e
Loading project configuration
Autoloading helper functions
Running helper script: globals.R
Running helper script: helpers.R
Autoloading data
Munging data
Running preprocessing script: 01-A.R
Sourcing R script: 01-A.R
Objects to clear from memory: config helper.function project.info
Project name: test_project295a3c34d0d042
Loading project configuration
Autoloading helper functions
Running helper script: globals.R
Running helper script: helpers.R
Autoloading data
Munging data
Running preprocessing script: 01-A.R
Sourcing R script: 01-A.R
Objects to clear from memory: config helper.function project.info
Project name: test_project295a3c58250a8c
Loading project configuration
Autoloading helper functions
Running helper script: globals.R
Running helper script: helpers.R
Autoloading data
Munging data
Running preprocessing script: 01-A.R
Sourcing R script: 01-A.R
Project name: test_project295a3c58250a8c
Loading project configuration
Autoloading helper functions
Running helper script: globals.R
Running helper script: helpers.R
Autoloading data
Objects to clear from memory: config helper.function project.info
Project name: test_project295a3c5259263b
Loading project configuration
Autoloading helper functions
Running helper script: globals.R
Running helper script: helpers.R
Autoloading data
Munging data
Running preprocessing script: 01-A.R
Sourcing R script: 01-A.R
Project name: test_project295a3c5259263b
Loading project configuration
Autoloading helper functions
Running helper script: globals.R
Running helper script: helpers.R
Autoloading data
Munging data
Running preprocessing script: 01-A.R
Sourcing R script: 01-A.R
Objects to clear from memory: config helper.function project.info
Project name: test_project295a3c3e9568f3
Loading project configuration
Autoloading helper functions
Running helper script: globals.R
Running helper script: helpers.R
Autoloading data
Munging data
Running preprocessing script: 01-A.R
Sourcing R script: 01-A.R
Project name: test_project295a3c3e9568f3
Loading project configuration
Autoloading helper functions
Running helper script: globals.R
Running helper script: helpers.R
Autoloading data
Objects to clear from memory: config helper.function project.info
Project name: test_project295a3c780a0d8
Loading project configuration
Autoloading helper functions
Running helper script: globals.R
Running helper script: helpers.R
Autoloading data
Munging data
Running preprocessing script: 01-A.R
Sourcing R script: 01-A.R
Project name: test_project295a3c780a0d8
Loading project configuration
Objects to clear from memory: config helper.function project.info
Project name: test_project295a3c9f79a9d
Loading project configuration
Autoloading helper functions
Running helper script: globals.R
Running helper script: helpers.R
Autoloading data
Munging data
Running preprocessing script: 01-A.R
Sourcing R script: 01-A.R
Project name: test_project295a3c9f79a9d
Loading project configuration
Autoloading helper functions
Running helper script: globals.R
Running helper script: helpers.R
Autoloading data
Munging data
Running preprocessing script: 01-A.R
Sourcing R script: 01-A.R
Objects to clear from memory: config helper.function project.info
Loading required package: qs
qs 0.27.3. Announcement: https://github.com/qsbase/qs/issues/103
Creating cache entry from global environment: cache.qs
Creating cache entry from global environment: xxxx
Creating cache entry from global environment: xxxx
Creating cache entry from global environment: xxxx
Migrating project configuration
[1] FALSE
Your existing project configuration in globals.dcf does not contain up to
date configuration settings in this version 0.11.0 of ProjectTemplate. They will
be added automatically during migration, but you should review afterward.
Your config.dcf file was missing entries and defaults
have been used. The missing entries are:
cache_loaded_data
Loading table: example_30a
Loading table: example_30b
Loading table: example_31a
Loading table: example_31b
Loading table: example_28
re-encoding from CP1252
re-encoding from CP1252
Objects to clear from memory: .Random.seed config helper.function project.info test test_data12 test_data22
Objects to clear from memory: config helper.function project.info
Items in cache will not be cleared
Use reload.project(reset=TRUE) to clear cache also
Objects to clear from memory: helper.function project.info z
Reloading Project ...
Project name: test_project295a3c37dfb140
Loading project configuration
Autoloading helper functions
Running helper script: globals.R
Running helper script: helpers.R
Autoloading data
Loading cached data set: z
Munging data
Running preprocessing script: 01-A.R
Sourcing R script: 01-A.R
Objects to clear from memory: config helper.function project.info x y z
Project name: test_project295a3c6a569bc1
Loading project configuration
Autoloading data
Munging data
Running preprocessing script: 01-A.R
Sourcing R script: 01-A.R
Project name: test_project295a3c6d8036b7
Loading project configuration
Autoloading helper functions
Running helper script: globals.R
Running helper script: helpers.R
Autoloading data
Munging data
Running preprocessing script: 01-A.R
Sourcing R script: 01-A.R
Project name: test_project295a3c9891a43
Loading project configuration
Autoloading helper functions
Running helper script: globals.R
Running helper script: helpers.R
Autoloading data
Loading data set: file_not_in_full_template
Translating data.frame to tibble: file_not_in_full_template
Creating cache entry from global environment: file_not_in_full_template
Munging data
Running preprocessing script: 01-A.R
Sourcing R script: 01-A.R
[1] FALSE
[ FAIL 1 | WARN 216 | SKIP 0 | PASS 901 ]
══ Failed tests ════════════════════════════════════════════════════════════════
── Error ('test-load.R:447:3'): pass munge files to run ────────────────────────
Error: Installation of Python not found, Python bindings not loaded.
See the Python "Order of Discovery" here: https://rstudio.github.io/reticulate/articles/versions.html#order-of-discovery.
Backtrace:
▆
1. ├─base::suppressMessages(load.project()) at test-load.R:447:3
2. │ └─base::withCallingHandlers(...)
3. └─ProjectTemplate::load.project()
4. └─ProjectTemplate:::.munge.data(config, my.project.info)
5. └─reticulate::source_python(file.path(dir_name, preprocessing.script))
6. └─reticulate::py_run_file(file, local = FALSE, convert = convert)
7. └─reticulate:::ensure_python_initialized()
8. └─reticulate:::initialize_python()
9. └─reticulate (local) python_not_found("Installation of Python not found, Python bindings not loaded.")
[ FAIL 1 | WARN 216 | SKIP 0 | PASS 901 ]
Error: Test failures
Execution halted
Flavor: r-devel-linux-x86_64-debian-gcc